{"id":76,"date":"2022-06-01T22:59:11","date_gmt":"2022-06-01T20:59:11","guid":{"rendered":"http:\/\/schalck.selfhost.eu\/?page_id=76"},"modified":"2022-06-04T20:42:39","modified_gmt":"2022-06-04T18:42:39","slug":"nachbereitung","status":"publish","type":"page","link":"https:\/\/schalck.selfhost.eu\/index.php\/nachbereitung\/","title":{"rendered":"Nachbereitung"},"content":{"rendered":"\r\n<p>Die Nachbereitung, Fragen zum Thema Nachbereitung Medikamente Impfungen<\/p>\r\n<p>Die gesamte Bauchspeicheldr\u00fcsenkrebs-Nachsorge verlief eigentlich v\u00f6llig unspektakul\u00e4r. Ich bekam von der <a title=\"Heliosklinik Stralsund\" href=\"https:\/\/www.helios-gesundheit.de\/kliniken\/stralsund\/\" target=\"_blank\" rel=\"noopener\">Stralsunder Klinik<\/a> meinen Entlassungsbericht, den ich bei meiner Haus\u00e4rztin sowie bei meinem Onkologen abgab.<\/p>\r\n\r\n\r\n\r\n<p>Es wurde angeraten, nach ca. 6 Wochen 4-6 weitere <a href=\"https:\/\/de.wikipedia.org\/wiki\/Chemotherapie\" target=\"_blank\" rel=\"noreferrer noopener\" aria-label=\"Chemotherapien (\u00f6ffnet in neuem Tab)\">Chemotherapien<\/a> zum \u201enachwaschen\u201c anzusetzen. Mein Onkologe sch\u00e4tzte ein, dass zur Nachsorge bei Operation des Bauchspeicheldr\u00fcsenkrebs 4 Durchg\u00e4nge ausreichend sind. Diesesmal fragte ich danach, ob man die Chemos auch ambulant durchf\u00fchren kann. Da war m\u00f6glich. Also war ich nach 6 Wochen 4 weitere Male zur Chemo- nur dass ich jetzt nicht 2 Tage im Krankenhaus verbringen musste sondern lediglich 5 Stunden im sogenannten Chemoraum um die vorbereitenden Medikamente zu bekommen. Dann erhielt ich eine kleine Vakuumpumpe in welcher sich das Chemo-Medikament befand. Die Pumpe ist ca. so gro\u00df wie diese kleinen Schl\u00fcsselbeh\u00e4lter, die man sich im Freibad um den Hals h\u00e4ngt. Die Pumpe kommt v\u00f6llig ohne Batterie aus, ist leicht und ger\u00e4uschlos. Nach den 46 Stunden geht man wieder zum Arzt, l\u00e4sst die Pumpe abziehen, anschlie\u00dfend den Port sp\u00fclen und fertig. Die anschlie\u00dfenden 3 Tage M\u00fcdigkeit bleiben einem jedoch erhalten. Insgesamt ist so eine ambulante Chemotherapie wesentlich weniger unangenehm als ein station\u00e4rer Aufenthalt im Krankenhaus. Man ist zu Hause und ist auch wesentlich frei beweglicher, da man nicht diesen Infusionsst\u00e4nder st\u00e4ndig hinter sich herzieht.<\/p>\r\n<h5>.<\/h5>\r\n\r\n\r\n\r\n<p>W\u00e4hrend dieser Zeit wurden auch weitere Blutuntersuchungen durchgef\u00fchrt. Interessant war nat\u00fcrlich immer der <a href=\"https:\/\/de.wikipedia.org\/wiki\/CA_19-9\" target=\"_blank\" rel=\"noreferrer noopener\" aria-label=\"CA 19-9 (\u00f6ffnet in neuem Tab)\">CA 19-9<\/a> Wert, der bei jeder Untersuchung beim mir unterhalt des Referenzwertes war.<\/p>\r\n\r\n\r\n\r\n<p>In der Zwischenzeit habe ich auch meinen <a href=\"https:\/\/de.wikipedia.org\/wiki\/Schwerbehindertenausweis\" target=\"_blank\" rel=\"noreferrer noopener\" aria-label=\"Schwerbesch\u00e4digtenausweis (\u00f6ffnet in neuem Tab)\">Schwerbesch\u00e4digtenausweis<\/a> erhalten. Um die Beantragung hat sich psycho-onkologische Dienst in meinem Heimatkrankenhaus v\u00f6llig unkompliziert gek\u00fcmmert. 100% Schwerbesch\u00e4digung ohne Buchstabe. F\u00fcr 5 Jahre. Dadurch gibt es einige Erleichterungen im Arbeitsleben, bei Eintrittsgeldern, Nutzung von Nahverkehrsmitteln und Steuerentlastungen. (1440.- Euro pro Jahr Verringerung des steuerpflichtigen Bruttoeinkommens)<\/p>\r\n<h5>.<\/h5>\r\n\r\n\r\n\r\n<p>Apropos- <a href=\"https:\/\/de.wikipedia.org\/wiki\/Psychoonkologie\" target=\"_blank\" rel=\"noreferrer noopener\" aria-label=\"psycho-onkologischer Dienst (\u00f6ffnet in neuem Tab)\">psycho-onkologischer Dienst<\/a>&#8211; nehmt diesen unbedingt in Anspruch. Hier k\u00f6nnt ihr all eure Fragen bez\u00fcglich der Krankheit loswerden. Also keine falsche Scham !!!<\/p>\r\n\r\n\r\n\r\n<p>Im Mai 2018 habe ich dann eine station\u00e4re Reha-Ma\u00dfnahme \u00fcber 3 Wochen angetreten. Ich war in der <a href=\"https:\/\/www.paracelsus-kliniken.de\/reha\/bad-elster\/\" target=\"_blank\" rel=\"noreferrer noopener\" aria-label=\"Paracelsusklinik in Bad Elster (\u00f6ffnet in neuem Tab)\">Paracelsusklinik in Bad Elster<\/a> und kann diese Einrichtung nur empfehlen. Die Abstimmung zu den Behandlungsma\u00dfnahmen ist sehr individuell und es wird den W\u00fcnschen des Patienten entsprochen.<\/p>\r\n\r\n\r\n\r\n\r\n\r\n<figure id=\"attachment_296\" aria-describedby=\"caption-attachment-296\" style=\"width: 300px\" class=\"wp-caption alignnone\"><img loading=\"lazy\" decoding=\"async\" class=\"wp-image-296 size-medium\" src=\"http:\/\/schalck.selfhost.eu\/wp-content\/uploads\/2022\/06\/main-Paracelsus-Klinik-Am-Schillergarten-300x143.jpg\" alt=\"Klinik Am Schillergarten\" width=\"300\" height=\"143\" srcset=\"https:\/\/schalck.selfhost.eu\/wp-content\/uploads\/2022\/06\/main-Paracelsus-Klinik-Am-Schillergarten-300x143.jpg 300w, https:\/\/schalck.selfhost.eu\/wp-content\/uploads\/2022\/06\/main-Paracelsus-Klinik-Am-Schillergarten-1024x488.jpg 1024w, https:\/\/schalck.selfhost.eu\/wp-content\/uploads\/2022\/06\/main-Paracelsus-Klinik-Am-Schillergarten-768x366.jpg 768w, https:\/\/schalck.selfhost.eu\/wp-content\/uploads\/2022\/06\/main-Paracelsus-Klinik-Am-Schillergarten.jpg 1311w\" sizes=\"auto, (max-width: 300px) 100vw, 300px\" \/><figcaption id=\"caption-attachment-296\" class=\"wp-caption-text\">Nachbereitung Medikamente Impfungen<\/figcaption><\/figure>\r\n<p>Im August 2018 habe ich dann in Abstimmung mit meiner Haus\u00e4rztin, meinem Onkologen und meinem Arbeitgeber eine 4-w\u00f6chige <a href=\"https:\/\/de.wikipedia.org\/wiki\/Rehabilitation\" target=\"_blank\" rel=\"noreferrer noopener\" aria-label=\"Wiedereingliederung (\u00f6ffnet in neuem Tab)\">Wiedereingliederung<\/a> begonnen und seit September 2018 bin ich wieder ganz normal berufst\u00e4tig. (auf meinen eigenen Wunsch hin arbeite ich wieder im Schichtsystem)<\/p>\r\n<h5>.<\/h5>\r\n\r\n\r\n\r\n<p>Viertelj\u00e4hrig wird zur Verlaufskontrolle ein MRT des Oberbauches durchgef\u00fchrt. Ja- wenn ich ganz ehrlich bin- es ist immer sehr sehr stressig, wenn der Tag der Untersuchung n\u00e4her r\u00fcckt. Ich bin meinem Radiologen, Herrn Dipl.-Med. P. sehr dankbar, dass er sich unmittelbar nach der Untersuchung sofort die Zeit nimmt, die Bilder anzusehen und mir dann das Ergebnis mitteilt. Bisher waren es 8 Untersuchungen. Die Ergebnisse waren bis jetzt immer so, dass auf den Aufnahmen nichts zu sehen war, was auf dein Rezidiv hindeutet.<\/p>\r\n\r\n\r\n\r\n<p>Nach wie vor spritze ich jeden Tag <a href=\"https:\/\/de.wikipedia.org\/wiki\/Enoxaparin-Natrium\" target=\"_blank\" rel=\"noreferrer noopener\" aria-label=\"Clexane (\u00f6ffnet in neuem Tab)\">Clexane<\/a>. Ich habe mich erkundigt, wie lange ich das noch tun soll. Dabei bekam ich von einem Arzt die Antwort, dass ich es solange nehmen soll wie der Arzt bereit ist es zu verschreiben. Es g\u00e4be Studien, da zeigen, dass die regelm\u00e4\u00dfige Einnahme von Clexane w\u00e4hrend der Nachsorge nach Bauchspeicheldr\u00fcsenkrebs sich g\u00fcnstig auf das Nichtauftreten eines Rezidiv auswirken w\u00fcrde.<\/p>\r\n\r\n\r\n\r\n<p>Weiterhin nehme ich ein Ersatzmedikament ein, um den fehlenden Bauchspeichel zu ersetzen. Dabei handelt es sich um das Medikament <a href=\"https:\/\/medikamio.com\/de-de\/medikamente\/pangrol-40-000\/pil\" target=\"_blank\" rel=\"noreferrer noopener\" aria-label=\"Pangrol (\u00f6ffnet in neuem Tab)\">Pangrol<\/a>. Da mir ja ein gro\u00dfer Teil der Bauchspeicheldr\u00fcse fehlt und damit die Produktion des Bauchspeichels nicht ausreicht, muss ich dieses Ersatzmedikament einnehmen.<\/p>\r\n\r\n\r\n\r\n<p>Aber die Bauchspeicheldr\u00fcse hat noch eine zweite wichtige Aufgabe. Die Produktion von Insulin zur Regulation des <a href=\"https:\/\/de.wikipedia.org\/wiki\/Blutzucker\" target=\"_blank\" rel=\"noreferrer noopener\" aria-label=\"Blutzuckerspiegels (\u00f6ffnet in neuem Tab)\">Blutzuckerspiegels<\/a>. Nach wie vor sind meine Blutzuckerwerte noch so, dass ich keine Medikamente einnehmen muss. N\u00fcchtern- Blutzucker von ca. 7 sind bei mir morgens messbar. Nach Aussagen meiner Haus\u00e4rztin sei dieser Wert akzeptabel.<\/p>\r\n<h5>.<\/h5>\r\n\r\n\r\n\r\n<p>Eine ganz wichtige Sache ergibt sich noch aus der Tatsache der fehlenden Milz.<\/p>\r\n\r\n\r\n\r\n<p>Zitat: www.leading-medicine-guide.de<\/p>\r\n\r\n\r\n\r\n<p>\u201e<strong><em>Die Milz ist ein Organ innerhalb des <\/em><\/strong><a href=\"https:\/\/www.leading-medicine-guide.de\/medizinische-fachartikel\/das-lymphsystem-aufbau-funktionen-und-erkrankungen\"><strong><em>Lymphsystems<\/em><\/strong><\/a><strong><em>. Sie gilt als Filteranlage des Blutsystems und hat so eine wesentliche Funktion bei der k\u00f6rpereigenen Immunabwehr<\/em><\/strong>\u201c<\/p>\r\n\r\n\r\n\r\n<p>Die fehlende Immunabwehr sollte man nat\u00fcrlich stets im Auge behalten. Dazu stellte mir meine Haus\u00e4rztin einen umfangreichen Impfplan auf, der im Laufe der Zeit durch sie abgearbeitet wurde. Ich rate nur jedem, dem es \u00e4hnlich wie mir ergangen ist, diese Impfungen unbedingt durchf\u00fchren zu lassen. Dazu kann ich auch sagen, dass ich seit der Operation lediglich 2 Tage krank geschrieben war. Ich hatte seitdem nie eine ernsthafte Erk\u00e4ltung oder eine andere Krankheit.<\/p>\r\n\r\n\r\n\r\n<p><a href=\"http:\/\/schalck.selfhost.eu\/\">Startseite<\/a><\/p>\r\n<p>Tag:\u00a0 Nachbereitung Medikamente Impfungen<\/p>\r\n<p>Tag: Nachbereitung Medikamente Impfungen<\/p>\r\n","protected":false},"excerpt":{"rendered":"<p>Die Nachbereitung, Fragen zum Thema Nachbereitung Medikamente Impfungen Die gesamte Bauchspeicheldr\u00fcsenkrebs-Nachsorge verlief eigentlich v\u00f6llig unspektakul\u00e4r. Ich bekam von der Stralsunder Klinik meinen Entlassungsbericht, den ich bei meiner Haus\u00e4rztin sowie bei meinem Onkologen abgab. Es wurde angeraten, nach ca. 6 Wochen 4-6 weitere Chemotherapien zum \u201enachwaschen\u201c anzusetzen. Mein Onkologe sch\u00e4tzte ein, dass zur Nachsorge bei Operation &hellip; <\/p>\n<p class=\"link-more\"><a href=\"https:\/\/schalck.selfhost.eu\/index.php\/nachbereitung\/\" class=\"more-link\"><span class=\"screen-reader-text\">\u201eNachbereitung\u201c<\/span> weiterlesen<\/a><\/p>\n","protected":false},"author":1,"featured_media":0,"parent":0,"menu_order":0,"comment_status":"closed","ping_status":"closed","template":"","meta":{"footnotes":""},"class_list":["post-76","page","type-page","status-publish","hentry"],"yoast_head":"<!-- This site is optimized with the Yoast SEO plugin v26.8 - https:\/\/yoast.com\/product\/yoast-seo-wordpress\/ -->\n<title>Nachbereitung nach der Operation,Medikamente, Impfungen<\/title>\n<meta name=\"description\" content=\"Nachbereitung nach der Operation, muss ich Medikamente nehmen , was ist mit Impfung, Nachbereitung Medikamente Impfungen\" \/>\n<meta name=\"robots\" content=\"index, follow, max-snippet:-1, max-image-preview:large, max-video-preview:-1\" \/>\n<link rel=\"canonical\" href=\"https:\/\/schalck.selfhost.eu\/index.php\/nachbereitung\/\" \/>\n<meta property=\"og:locale\" content=\"de_DE\" \/>\n<meta property=\"og:type\" content=\"article\" \/>\n<meta property=\"og:title\" content=\"Nachbereitung nach der Operation,Medikamente, Impfungen\" \/>\n<meta property=\"og:description\" content=\"Nachbereitung nach der Operation, muss ich Medikamente nehmen , was ist mit Impfung, Nachbereitung Medikamente Impfungen\" \/>\n<meta property=\"og:url\" content=\"https:\/\/schalck.selfhost.eu\/index.php\/nachbereitung\/\" \/>\n<meta property=\"og:site_name\" content=\"Leben mit Bauchspeicheldr\u00fcsenkrebs\" \/>\n<meta property=\"article:publisher\" content=\"https:\/\/www.facebook.com\/mario.pestel.1\/\" \/>\n<meta property=\"article:modified_time\" content=\"2022-06-04T18:42:39+00:00\" \/>\n<meta property=\"og:image\" content=\"http:\/\/schalck.selfhost.eu\/wp-content\/uploads\/2022\/06\/main-Paracelsus-Klinik-Am-Schillergarten-300x143.jpg\" \/>\n<meta name=\"twitter:card\" content=\"summary_large_image\" \/>\n<meta name=\"twitter:label1\" content=\"Gesch\u00e4tzte Lesezeit\" \/>\n\t<meta name=\"twitter:data1\" content=\"5\u00a0Minuten\" \/>\n<script type=\"application\/ld+json\" class=\"yoast-schema-graph\">{\"@context\":\"https:\/\/schema.org\",\"@graph\":[{\"@type\":\"WebPage\",\"@id\":\"https:\/\/schalck.selfhost.eu\/index.php\/nachbereitung\/\",\"url\":\"https:\/\/schalck.selfhost.eu\/index.php\/nachbereitung\/\",\"name\":\"Nachbereitung nach der Operation,Medikamente, Impfungen\",\"isPartOf\":{\"@id\":\"https:\/\/schalck.selfhost.eu\/#website\"},\"primaryImageOfPage\":{\"@id\":\"https:\/\/schalck.selfhost.eu\/index.php\/nachbereitung\/#primaryimage\"},\"image\":{\"@id\":\"https:\/\/schalck.selfhost.eu\/index.php\/nachbereitung\/#primaryimage\"},\"thumbnailUrl\":\"http:\/\/schalck.selfhost.eu\/wp-content\/uploads\/2022\/06\/main-Paracelsus-Klinik-Am-Schillergarten-300x143.jpg\",\"datePublished\":\"2022-06-01T20:59:11+00:00\",\"dateModified\":\"2022-06-04T18:42:39+00:00\",\"description\":\"Nachbereitung nach der Operation, muss ich Medikamente nehmen , was ist mit Impfung, Nachbereitung Medikamente Impfungen\",\"breadcrumb\":{\"@id\":\"https:\/\/schalck.selfhost.eu\/index.php\/nachbereitung\/#breadcrumb\"},\"inLanguage\":\"de\",\"potentialAction\":[{\"@type\":\"ReadAction\",\"target\":[\"https:\/\/schalck.selfhost.eu\/index.php\/nachbereitung\/\"]}]},{\"@type\":\"ImageObject\",\"inLanguage\":\"de\",\"@id\":\"https:\/\/schalck.selfhost.eu\/index.php\/nachbereitung\/#primaryimage\",\"url\":\"https:\/\/schalck.selfhost.eu\/wp-content\/uploads\/2022\/06\/main-Paracelsus-Klinik-Am-Schillergarten.jpg\",\"contentUrl\":\"https:\/\/schalck.selfhost.eu\/wp-content\/uploads\/2022\/06\/main-Paracelsus-Klinik-Am-Schillergarten.jpg\",\"width\":1311,\"height\":625,\"caption\":\"Nachbereitung Medikamente Impfungen\"},{\"@type\":\"BreadcrumbList\",\"@id\":\"https:\/\/schalck.selfhost.eu\/index.php\/nachbereitung\/#breadcrumb\",\"itemListElement\":[{\"@type\":\"ListItem\",\"position\":1,\"name\":\"Startseite\",\"item\":\"https:\/\/schalck.selfhost.eu\/\"},{\"@type\":\"ListItem\",\"position\":2,\"name\":\"Nachbereitung\"}]},{\"@type\":\"WebSite\",\"@id\":\"https:\/\/schalck.selfhost.eu\/#website\",\"url\":\"https:\/\/schalck.selfhost.eu\/\",\"name\":\"Leben mit Bauchspeicheldr\u00fcsenkrebs\",\"description\":\"Um anderen Hoffnungen zu machen\",\"publisher\":{\"@id\":\"https:\/\/schalck.selfhost.eu\/#\/schema\/person\/cd0824a06e96b3c806e10683f6aebf13\"},\"potentialAction\":[{\"@type\":\"SearchAction\",\"target\":{\"@type\":\"EntryPoint\",\"urlTemplate\":\"https:\/\/schalck.selfhost.eu\/?s={search_term_string}\"},\"query-input\":{\"@type\":\"PropertyValueSpecification\",\"valueRequired\":true,\"valueName\":\"search_term_string\"}}],\"inLanguage\":\"de\"},{\"@type\":[\"Person\",\"Organization\"],\"@id\":\"https:\/\/schalck.selfhost.eu\/#\/schema\/person\/cd0824a06e96b3c806e10683f6aebf13\",\"name\":\"schalck\",\"image\":{\"@type\":\"ImageObject\",\"inLanguage\":\"de\",\"@id\":\"https:\/\/schalck.selfhost.eu\/#\/schema\/person\/image\/\",\"url\":\"http:\/\/schalck.selfhost.eu\/wp-content\/uploads\/2022\/06\/cropped-Bauchspeicheldruese_1908934.jpg\",\"contentUrl\":\"http:\/\/schalck.selfhost.eu\/wp-content\/uploads\/2022\/06\/cropped-Bauchspeicheldruese_1908934.jpg\",\"width\":2000,\"height\":1198,\"caption\":\"schalck\"},\"logo\":{\"@id\":\"https:\/\/schalck.selfhost.eu\/#\/schema\/person\/image\/\"},\"sameAs\":[\"https:\/\/leben-mit-bauchspeicheldr\u00fcsenkrebs.de\",\"https:\/\/www.facebook.com\/mario.pestel.1\/\"]}]}<\/script>\n<!-- \/ Yoast SEO plugin. -->","yoast_head_json":{"title":"Nachbereitung nach der Operation,Medikamente, Impfungen","description":"Nachbereitung nach der Operation, muss ich Medikamente nehmen , was ist mit Impfung, Nachbereitung Medikamente Impfungen","robots":{"index":"index","follow":"follow","max-snippet":"max-snippet:-1","max-image-preview":"max-image-preview:large","max-video-preview":"max-video-preview:-1"},"canonical":"https:\/\/schalck.selfhost.eu\/index.php\/nachbereitung\/","og_locale":"de_DE","og_type":"article","og_title":"Nachbereitung nach der Operation,Medikamente, Impfungen","og_description":"Nachbereitung nach der Operation, muss ich Medikamente nehmen , was ist mit Impfung, Nachbereitung Medikamente Impfungen","og_url":"https:\/\/schalck.selfhost.eu\/index.php\/nachbereitung\/","og_site_name":"Leben mit Bauchspeicheldr\u00fcsenkrebs","article_publisher":"https:\/\/www.facebook.com\/mario.pestel.1\/","article_modified_time":"2022-06-04T18:42:39+00:00","og_image":[{"url":"http:\/\/schalck.selfhost.eu\/wp-content\/uploads\/2022\/06\/main-Paracelsus-Klinik-Am-Schillergarten-300x143.jpg","type":"","width":"","height":""}],"twitter_card":"summary_large_image","twitter_misc":{"Gesch\u00e4tzte Lesezeit":"5\u00a0Minuten"},"schema":{"@context":"https:\/\/schema.org","@graph":[{"@type":"WebPage","@id":"https:\/\/schalck.selfhost.eu\/index.php\/nachbereitung\/","url":"https:\/\/schalck.selfhost.eu\/index.php\/nachbereitung\/","name":"Nachbereitung nach der Operation,Medikamente, Impfungen","isPartOf":{"@id":"https:\/\/schalck.selfhost.eu\/#website"},"primaryImageOfPage":{"@id":"https:\/\/schalck.selfhost.eu\/index.php\/nachbereitung\/#primaryimage"},"image":{"@id":"https:\/\/schalck.selfhost.eu\/index.php\/nachbereitung\/#primaryimage"},"thumbnailUrl":"http:\/\/schalck.selfhost.eu\/wp-content\/uploads\/2022\/06\/main-Paracelsus-Klinik-Am-Schillergarten-300x143.jpg","datePublished":"2022-06-01T20:59:11+00:00","dateModified":"2022-06-04T18:42:39+00:00","description":"Nachbereitung nach der Operation, muss ich Medikamente nehmen , was ist mit Impfung, Nachbereitung Medikamente Impfungen","breadcrumb":{"@id":"https:\/\/schalck.selfhost.eu\/index.php\/nachbereitung\/#breadcrumb"},"inLanguage":"de","potentialAction":[{"@type":"ReadAction","target":["https:\/\/schalck.selfhost.eu\/index.php\/nachbereitung\/"]}]},{"@type":"ImageObject","inLanguage":"de","@id":"https:\/\/schalck.selfhost.eu\/index.php\/nachbereitung\/#primaryimage","url":"https:\/\/schalck.selfhost.eu\/wp-content\/uploads\/2022\/06\/main-Paracelsus-Klinik-Am-Schillergarten.jpg","contentUrl":"https:\/\/schalck.selfhost.eu\/wp-content\/uploads\/2022\/06\/main-Paracelsus-Klinik-Am-Schillergarten.jpg","width":1311,"height":625,"caption":"Nachbereitung Medikamente Impfungen"},{"@type":"BreadcrumbList","@id":"https:\/\/schalck.selfhost.eu\/index.php\/nachbereitung\/#breadcrumb","itemListElement":[{"@type":"ListItem","position":1,"name":"Startseite","item":"https:\/\/schalck.selfhost.eu\/"},{"@type":"ListItem","position":2,"name":"Nachbereitung"}]},{"@type":"WebSite","@id":"https:\/\/schalck.selfhost.eu\/#website","url":"https:\/\/schalck.selfhost.eu\/","name":"Leben mit Bauchspeicheldr\u00fcsenkrebs","description":"Um anderen Hoffnungen zu machen","publisher":{"@id":"https:\/\/schalck.selfhost.eu\/#\/schema\/person\/cd0824a06e96b3c806e10683f6aebf13"},"potentialAction":[{"@type":"SearchAction","target":{"@type":"EntryPoint","urlTemplate":"https:\/\/schalck.selfhost.eu\/?s={search_term_string}"},"query-input":{"@type":"PropertyValueSpecification","valueRequired":true,"valueName":"search_term_string"}}],"inLanguage":"de"},{"@type":["Person","Organization"],"@id":"https:\/\/schalck.selfhost.eu\/#\/schema\/person\/cd0824a06e96b3c806e10683f6aebf13","name":"schalck","image":{"@type":"ImageObject","inLanguage":"de","@id":"https:\/\/schalck.selfhost.eu\/#\/schema\/person\/image\/","url":"http:\/\/schalck.selfhost.eu\/wp-content\/uploads\/2022\/06\/cropped-Bauchspeicheldruese_1908934.jpg","contentUrl":"http:\/\/schalck.selfhost.eu\/wp-content\/uploads\/2022\/06\/cropped-Bauchspeicheldruese_1908934.jpg","width":2000,"height":1198,"caption":"schalck"},"logo":{"@id":"https:\/\/schalck.selfhost.eu\/#\/schema\/person\/image\/"},"sameAs":["https:\/\/leben-mit-bauchspeicheldr\u00fcsenkrebs.de","https:\/\/www.facebook.com\/mario.pestel.1\/"]}]}},"_links":{"self":[{"href":"https:\/\/schalck.selfhost.eu\/index.php\/wp-json\/wp\/v2\/pages\/76","targetHints":{"allow":["GET"]}}],"collection":[{"href":"https:\/\/schalck.selfhost.eu\/index.php\/wp-json\/wp\/v2\/pages"}],"about":[{"href":"https:\/\/schalck.selfhost.eu\/index.php\/wp-json\/wp\/v2\/types\/page"}],"author":[{"embeddable":true,"href":"https:\/\/schalck.selfhost.eu\/index.php\/wp-json\/wp\/v2\/users\/1"}],"replies":[{"embeddable":true,"href":"https:\/\/schalck.selfhost.eu\/index.php\/wp-json\/wp\/v2\/comments?post=76"}],"version-history":[{"count":12,"href":"https:\/\/schalck.selfhost.eu\/index.php\/wp-json\/wp\/v2\/pages\/76\/revisions"}],"predecessor-version":[{"id":305,"href":"https:\/\/schalck.selfhost.eu\/index.php\/wp-json\/wp\/v2\/pages\/76\/revisions\/305"}],"wp:attachment":[{"href":"https:\/\/schalck.selfhost.eu\/index.php\/wp-json\/wp\/v2\/media?parent=76"}],"curies":[{"name":"wp","href":"https:\/\/api.w.org\/{rel}","templated":true}]}}