{"id":5,"date":"2022-06-01T10:33:13","date_gmt":"2022-06-01T08:33:13","guid":{"rendered":"http:\/\/192.168.57.47\/?page_id=5"},"modified":"2022-06-05T09:45:19","modified_gmt":"2022-06-05T07:45:19","slug":"krankenhaeuser","status":"publish","type":"page","link":"https:\/\/schalck.selfhost.eu\/index.php\/krankenhaeuser\/","title":{"rendered":"Krankenh\u00e4user"},"content":{"rendered":"\r\n<p class=\"has-text-align-center\">An dieser Stelle m\u00f6chte ich einige Krankenh\u00e4user verlinken, in den sich ein Pankreaszentrum befindet. Als erstes Krankenhaus m\u00f6chte ich jedoch die Helios-Klinik Stralsund nennen, in welcher ich selbst operiert worden bin.<\/p>\r\n<h5>Krankenh\u00e4user Pankreaszentrum<\/h5>\r\n\r\n\r\n\r\n<div class=\"wp-block-image\">\r\n<h5 class=\"aligncenter size-large\"><a href=\"https:\/\/www.kgmv.de\/\" target=\"_blank\" rel=\"noopener\"><img loading=\"lazy\" decoding=\"async\" class=\"alignnone wp-image-83 size-medium\" src=\"http:\/\/schalck.selfhost.eu\/wp-content\/uploads\/2022\/06\/helios_stralsund-300x144.jpg\" alt=\"\" width=\"300\" height=\"144\" srcset=\"https:\/\/schalck.selfhost.eu\/wp-content\/uploads\/2022\/06\/helios_stralsund-300x144.jpg 300w, https:\/\/schalck.selfhost.eu\/wp-content\/uploads\/2022\/06\/helios_stralsund-1024x491.jpg 1024w, https:\/\/schalck.selfhost.eu\/wp-content\/uploads\/2022\/06\/helios_stralsund-768x368.jpg 768w, https:\/\/schalck.selfhost.eu\/wp-content\/uploads\/2022\/06\/helios_stralsund-1536x737.jpg 1536w, https:\/\/schalck.selfhost.eu\/wp-content\/uploads\/2022\/06\/helios_stralsund.jpg 1920w\" sizes=\"auto, (max-width: 300px) 100vw, 300px\" \/><\/a><\/h5>\r\n<h5 class=\"aligncenter size-large\">Quelle: <a href=\"https:\/\/www.kgmv.de\/\">https:\/\/www.kgmv.de\/<\/a> <br \/><a href=\"https:\/\/www.helios-gesundheit.de\/kliniken\/stralsund\/unser-angebot\/unsere-fachbereiche-und-zentren-somatik\/chirurgie\/\" target=\"_blank\" rel=\"noreferrer noopener\">Helios-Klinik Stralsund<\/a><br \/><br \/>Krankenh\u00e4user Pankreaszentrum<\/h5>\r\n<\/div>\r\n\r\n\r\n\r\n<div class=\"wp-block-image\">\r\n<h5 class=\"aligncenter size-large is-resized\"><a href=\"https:\/\/www.kadur-gruppe.de\/\" target=\"_blank\" rel=\"noopener\"><img loading=\"lazy\" decoding=\"async\" class=\"alignnone wp-image-81 size-medium\" src=\"http:\/\/schalck.selfhost.eu\/wp-content\/uploads\/2022\/06\/0001_Staedtisches_Klinikum_Friedrichstadt_1920x1000_72dpi-300x156.jpg\" alt=\"\" width=\"300\" height=\"156\" srcset=\"https:\/\/schalck.selfhost.eu\/wp-content\/uploads\/2022\/06\/0001_Staedtisches_Klinikum_Friedrichstadt_1920x1000_72dpi-300x156.jpg 300w, https:\/\/schalck.selfhost.eu\/wp-content\/uploads\/2022\/06\/0001_Staedtisches_Klinikum_Friedrichstadt_1920x1000_72dpi-1024x533.jpg 1024w, https:\/\/schalck.selfhost.eu\/wp-content\/uploads\/2022\/06\/0001_Staedtisches_Klinikum_Friedrichstadt_1920x1000_72dpi-768x400.jpg 768w, https:\/\/schalck.selfhost.eu\/wp-content\/uploads\/2022\/06\/0001_Staedtisches_Klinikum_Friedrichstadt_1920x1000_72dpi-1536x800.jpg 1536w, https:\/\/schalck.selfhost.eu\/wp-content\/uploads\/2022\/06\/0001_Staedtisches_Klinikum_Friedrichstadt_1920x1000_72dpi.jpg 1920w\" sizes=\"auto, (max-width: 300px) 100vw, 300px\" \/><\/a><\/h5>\r\n<h5 class=\"aligncenter size-large is-resized\">Quelle: <a href=\"https:\/\/www.kadur-gruppe.de\/\">https:\/\/www.kadur-gruppe.de\/<\/a><br \/><a href=\"https:\/\/www.klinikum-dresden.de\/ach\/Schwerpunkte\/Multidisziplin%C3%A4res+Zentrum+f%C3%BCr+Pankreaserkrankungen.html\" target=\"_blank\" rel=\"noreferrer noopener\">St\u00e4dtisches Klinikum Dresden<\/a><br \/><br \/>Krankenh\u00e4user Pankreaszentrum<\/h5>\r\n<\/div>\r\n\r\n\r\n\r\n<div class=\"wp-block-image\">\r\n<figure id=\"attachment_85\" aria-describedby=\"caption-attachment-85\" style=\"width: 300px\" class=\"wp-caption alignnone\"><a href=\"http:\/\/www.klinikum.uni-muenchen.de\/\" target=\"_blank\" rel=\"noopener\"><img loading=\"lazy\" decoding=\"async\" class=\"wp-image-85 size-medium\" src=\"http:\/\/schalck.selfhost.eu\/wp-content\/uploads\/2022\/06\/uniklinik_muenschen-300x122.jpg\" alt=\"\" width=\"300\" height=\"122\" srcset=\"https:\/\/schalck.selfhost.eu\/wp-content\/uploads\/2022\/06\/uniklinik_muenschen-300x122.jpg 300w, https:\/\/schalck.selfhost.eu\/wp-content\/uploads\/2022\/06\/uniklinik_muenschen.jpg 735w\" sizes=\"auto, (max-width: 300px) 100vw, 300px\" \/><\/a><figcaption id=\"caption-attachment-85\" class=\"wp-caption-text\">Klinikansichten OPZ + Bettenhaus + CSD<\/figcaption><\/figure>\r\n<h5 class=\"aligncenter size-large is-resized\">Quelle: <a href=\"http:\/\/www.klinikum.uni-muenchen.de\/\">http:\/\/www.klinikum.uni-muenchen.de\/<\/a> <br \/><a href=\"http:\/\/www.klinikum.uni-muenchen.de\/Pankreaszentrum-Muenchen\/de\/index.html\" target=\"_blank\" rel=\"noreferrer noopener\">Universit\u00e4tsklinik M\u00fcnchen<\/a><br \/><br \/>Krankenh\u00e4user Pankreaszentrum<\/h5>\r\n<\/div>\r\n\r\n\r\n\r\n<div class=\"wp-block-image\">\r\n<h5 class=\"aligncenter size-large is-resized\"><a href=\"https:\/\/www.rnz.de\/\" target=\"_blank\" rel=\"noopener\"><img loading=\"lazy\" decoding=\"async\" class=\"alignnone wp-image-86 size-medium\" src=\"http:\/\/schalck.selfhost.eu\/wp-content\/uploads\/2022\/06\/heidelberg-300x200.jpg\" alt=\"\" width=\"300\" height=\"200\" srcset=\"https:\/\/schalck.selfhost.eu\/wp-content\/uploads\/2022\/06\/heidelberg-300x200.jpg 300w, https:\/\/schalck.selfhost.eu\/wp-content\/uploads\/2022\/06\/heidelberg-1024x683.jpg 1024w, https:\/\/schalck.selfhost.eu\/wp-content\/uploads\/2022\/06\/heidelberg-768x512.jpg 768w, https:\/\/schalck.selfhost.eu\/wp-content\/uploads\/2022\/06\/heidelberg.jpg 1170w\" sizes=\"auto, (max-width: 300px) 100vw, 300px\" \/><\/a><\/h5>\r\n<h5 class=\"aligncenter size-large is-resized\">Quelle: <a href=\"https:\/\/www.rnz.de\/\">https:\/\/www.rnz.de\/<\/a> <br \/><a href=\"https:\/\/www.klinikum.uni-heidelberg.de\/chirurgische-klinik-zentrum\/allgemein-viszeral-und-transplantationschirurgie\/ueber-uns\/interdisziplinaere-zentren\/europaeisches-pankreaszentrum-epz\" target=\"_blank\" rel=\"noreferrer noopener\">Universit\u00e4tsklinik Heidelberg<\/a><br \/><br \/>Krankenh\u00e4user Pankreaszentrum<\/h5>\r\n<\/div>\r\n\r\n\r\n\r\n<div class=\"wp-block-image\">\r\n<h5 class=\"aligncenter size-large is-resized\"><a href=\"https:\/\/www.krankenhaus-reinbek.de\/\" target=\"_blank\" rel=\"noopener\"><img loading=\"lazy\" decoding=\"async\" class=\"alignnone wp-image-87 size-medium\" src=\"http:\/\/schalck.selfhost.eu\/wp-content\/uploads\/2022\/06\/reinbeck-300x169.jpeg\" alt=\"\" width=\"300\" height=\"169\" srcset=\"https:\/\/schalck.selfhost.eu\/wp-content\/uploads\/2022\/06\/reinbeck-300x169.jpeg 300w, https:\/\/schalck.selfhost.eu\/wp-content\/uploads\/2022\/06\/reinbeck-1024x576.jpeg 1024w, https:\/\/schalck.selfhost.eu\/wp-content\/uploads\/2022\/06\/reinbeck-768x432.jpeg 768w, https:\/\/schalck.selfhost.eu\/wp-content\/uploads\/2022\/06\/reinbeck.jpeg 1280w\" sizes=\"auto, (max-width: 300px) 100vw, 300px\" \/><\/a><\/h5>\r\n<h5 class=\"aligncenter size-large is-resized\">Quelle: <a href=\"https:\/\/www.krankenhaus-reinbek.de\/\">https:\/\/www.krankenhaus-reinbek.de\/<\/a> <br \/><a href=\"https:\/\/www.krankenhaus-reinbek.de\/fuer-aerzte\/chirurgische-klinik\/allgemein-viszeral-und-thoraxchirurgie\/schwerpunkt\" target=\"_blank\" rel=\"noreferrer noopener\">Krankenhaus Reinbek<\/a><\/h5>\r\n<p>&nbsp;<\/p>\r\n<\/div>\r\n\r\n\r\n\r\n<h5>Auszug der Website des Uniklinikums M\u00fcnchen<\/h5>\r\n<div>\r\n<div class=\"widget-wrapper margin-small \">\r\n<div class=\"dont-break-out\" data-scrivito-editors-placeholder=\"Hier klicken, um Text einzuf\u00fcgen\">\r\n<p><b>Das Pankreaszentrum der LMU M\u00fcnchen (Campus Gro\u00dfhadern und Campus Innenstadt) bietet Ihnen eine einzigartige Kombination interdisziplin\u00e4rer diagnostischer und therapeutischer M\u00f6glichkeiten mit Einsatz modernster, teilweise nur in Studien verf\u00fcgbarer, medikament\u00f6ser, chirurgischer, interventioneller und strahlentherapeutischer Verfahren.<\/b><\/p>\r\n<\/div>\r\n<\/div>\r\n<\/div>\r\n<div>\r\n<div class=\"widget-wrapper margin-no_space \">\r\n<div class=\"dont-break-out\" data-scrivito-editors-placeholder=\"Hier klicken, um Text einzuf\u00fcgen\">\r\n<p>Ein wichtiges Merkmal des Pankreaszentrums ist die M\u00f6glichkeit, wirklich umfassend alle Erkrankungen des pankreatischen Systems auf h\u00f6chstem Niveau zu behandeln. Schwerpunkte sind daher nicht nur die Diagnose und Therapie der b\u00f6sartigen Erkrankungen der Bauchspeicheldr\u00fcse, sondern auch die Diagnostik und Therapie von zystischen Pankreastumoren, welche oftmals eine Vorl\u00e4uferstufe eines b\u00f6sartigem Pankreastumors darstellen, der akuten und chronischen Entz\u00fcndungen des Pankreas (Pankreatitis) bis hin zur Transplantation der Bauchspeicheldr\u00fcse bei Zuckerkrankheit (Diabetes mellitus Typ I).<\/p>\r\n<p>Zu den bereits bestehenden Strukturen geh\u00f6ren Schwerpunktambulanzen der Chirurgie, der Medizinischen Klinik II (Schwerpunkt Gastroenterologie und Hepatologie), der Medizinischen Klinik III (Schwerpunkt Onkologie) und der Strahlentherapie. Diese Schwerpunktambulanzen erm\u00f6glichen eine qualifizierte Behandlung von Erkrankungen der Bauchspeicheldr\u00fcse.<\/p>\r\n<h5>Auszug der website der uniklinik dresden<\/h5>\r\n<h3>\u00a0<\/h3>\r\n<p>Eine umfassende und optimale Behandlung ist nur mit einem interdisziplin\u00e4ren Expertenteam, dem Multidisziplin\u00e4rem Zentrum f\u00fcr Pankreaserkrankungen\u00a0 m\u00f6glich. Zu diesem Team geh\u00f6ren neben den Chirurgen und An\u00e4sthesisten gastroenterologisch und <a class=\"ego_glossary_link\" title=\"\" aria-hidden=\"true\" data-toggle=\"tooltip\" data-placement=\"bottom\" data-original-title=\"bedeutet die Betrachtung von K\u00f6rperh\u00f6hlen (z.B. Bauchh\u00f6hle, Gb\u00e4rmutterh\u00f6hle) mittels einer Optik, bestehend aus einem langen, r\u00f6hrenf\u00f6rmigen Instrument mit Lichtquelle und Kamera\">endoskopisch<\/a> spezialisierte Internisten, eine Radiologie mit moderner Technik, Pathologen, Hepatologen, Diabetologen, Onkologen und Strahlentherapeuten, sowie &#8211; besonders wichtig &#8211; ein engagiertes Pflegepersonal.<\/p>\r\n<p>Im\u00a0 <a title=\"Pankreaszentrum Partner\" href=\"https:\/\/www.klinikum-dresden.de\/ach\/Schwerpunkte\/Multidisziplin%C3%A4res+Zentrum+f%C3%BCr+Pankreaserkrankungen\/Pankreaszentrum+Partner.html\" target=\"_self\" rel=\"noopener\">multidisziplin\u00e4re Zentrum <\/a>\u00a0werden den Patienten\u00a0 umfangreiche Beratungen sowie eine spezialisierte Diagnostik und Therapie von Pankreaserkrankungen angeboten.<\/p>\r\n<ul>\r\n<li>Beratung und Informationsmaterial f\u00fcr Patienten und Angeh\u00f6rige (auch Vermittlung von genetischer Beratung) <i class=\"fa fa-file-pdf-o\"><\/i>\u00a0<a title=\"PaZ_IN_Patientenmappe_220211 (inkl. Anhang)\" href=\"https:\/\/www.klinikum-dresden.de\/ach\/Schwerpunkte\/Multidisziplin%C3%A4res+Zentrum+f%C3%BCr+Pankreaserkrankungen-download-1\/_\/PaZ_IN_Patientenmappe_220211%20(inkl.%20Anhang).pdf\" target=\"_blank\" rel=\"noopener\"><strong>Informationsmappe f\u00fcr Patienten mit Krebs<\/strong><\/a><\/li>\r\n<li>Bildgebende Untersuchung mit modernsten, hochaufl\u00f6senden CT- und <a class=\"ego_glossary_link\" title=\"\" aria-hidden=\"true\" data-toggle=\"tooltip\" data-placement=\"bottom\" data-original-title=\"Magnetresonanztomografie: Schnittbilduntersuchung mit Magnetfeldern (ohne R\u00f6ntgenstrahlen) mit sehr guter Weichteildarstellung (auch Kernspintomografie)\">MRT<\/a>-Ger\u00e4ten<\/li>\r\n<li>Umfangreiche Erfahrung in endoskopischen Techniken (<a class=\"ego_glossary_link\" title=\"\" aria-hidden=\"true\" data-toggle=\"tooltip\" data-placement=\"bottom\" data-original-title=\"Darstellung des Gallen- bzw. Bauchspeicheldr\u00fcsenganges\">ERCP<\/a>, Pankreasgangstents, transgastrale Zystenpunktion)<\/li>\r\n<li>Hochspezialisierte Chirurgie f\u00fcr gut- und b\u00f6sartige Erkrankungen, d. h. Mitresektion von Gef\u00e4\u00dfen bei b\u00f6sartigen Tumoren\u00a0 und zw\u00f6lffingerdarmerhaltende Operation bei chronischer Pankreatitis<\/li>\r\n<li>Behandlung des nichtoperablen fortgeschrittenen und metastasierten Pankreaskarzinoms mit Chemotherapie, molekularbiologisch zielgerichteten Substanzen, Bestrahlungen und lokal-ablativen Ma\u00dfnahmen <br \/>(<a title=\"IRE\" href=\"https:\/\/www.klinikum-dresden.de\/ach\/Schwerpunkte\/Multidisziplin%C3%A4res+Zentrum+f%C3%BCr+Pankreaserkrankungen\/Irreversible+Elektroporation+_+IRE-p-180.html\" target=\"_blank\" rel=\"noopener\">Irreversible Elektroporation &#8211; IRE &#8211; NanoKnife<\/a>)<\/li>\r\n<li><a class=\"ego_glossary_link\" title=\"\" aria-hidden=\"true\" data-toggle=\"tooltip\" data-placement=\"bottom\" data-original-title=\"Knopflochchirurgie\">Minimal-invasive<\/a> Operationsverfahren (insbesondere Pankreaslinksresektion)<\/li>\r\n<li>Diagnostik und Therapien von zystischen Pankreastumoren<\/li>\r\n<li>Chirurgische und interventionelle Therapie der chronischen Pankreatitis unter Einbeziehung der intensivmedizinischen Behandlung<\/li>\r\n<li>Spezialisten f\u00fcr Bestrahlung und Chemotherapie des Pankreaskrebses<\/li>\r\n<li>Pathologie mit Experten f\u00fcr Pankreaserkrankungen<\/li>\r\n<li>Schmerzbehandlung<\/li>\r\n<li>Psychiatrische, psychologische (einschl. psychoonkologische) Konsiliaruntersuchungen,\u00a0 Einzelgespr\u00e4che und supportive Gespr\u00e4che f\u00fcr\u00a0 Angeh\u00f6rige<\/li>\r\n<li>Ern\u00e4hrungsberatung<\/li>\r\n<li>Sozialmedizinische Unterst\u00fctzung<\/li>\r\n<li>Klinische Studien mit dem Ziel, die Diagnose und Behandlung von Pankreaserkrankungen zu verbessern<\/li>\r\n<li>Regelm\u00e4\u00dfige Qualit\u00e4tskontrollen durch Tumorboards und Zertifizierungen<\/li>\r\n<li>Organisation von Fortbildungen f\u00fcr Arztpraxen<\/li>\r\n<\/ul>\r\n<\/div>\r\n<\/div>\r\n<\/div>\r\n<p><a href=\"http:\/\/schalck.selfhost.eu\">Startseite<\/a><\/p>\r\n<p>Tag:\u00a0 Krankenh\u00e4user Pankreaszentrum<\/p>\r\n","protected":false},"excerpt":{"rendered":"<p>An dieser Stelle m\u00f6chte ich einige Krankenh\u00e4user verlinken, in den sich ein Pankreaszentrum befindet. Als erstes Krankenhaus m\u00f6chte ich jedoch die Helios-Klinik Stralsund nennen, in welcher ich selbst operiert worden bin. Krankenh\u00e4user Pankreaszentrum Auszug der Website des Uniklinikums M\u00fcnchen Das Pankreaszentrum der LMU M\u00fcnchen (Campus Gro\u00dfhadern und Campus Innenstadt) bietet Ihnen eine einzigartige Kombination interdisziplin\u00e4rer &hellip; <\/p>\n<p class=\"link-more\"><a href=\"https:\/\/schalck.selfhost.eu\/index.php\/krankenhaeuser\/\" class=\"more-link\"><span class=\"screen-reader-text\">\u201eKrankenh\u00e4user\u201c<\/span> weiterlesen<\/a><\/p>\n","protected":false},"author":1,"featured_media":0,"parent":0,"menu_order":0,"comment_status":"closed","ping_status":"closed","template":"","meta":{"footnotes":""},"class_list":["post-5","page","type-page","status-publish","hentry"],"yoast_head":"<!-- This site is optimized with the Yoast SEO plugin v26.8 - https:\/\/yoast.com\/product\/yoast-seo-wordpress\/ -->\n<title>Krankenh\u00e4user Pankreaszentrum<\/title>\n<meta name=\"description\" content=\"Krankenh\u00e4user Pankreaszentrum die sich auf die Behandlung von Bauchspeicheldr\u00fcsenerkrankungen spezialisiert haben\" \/>\n<meta name=\"robots\" content=\"index, follow, max-snippet:-1, max-image-preview:large, max-video-preview:-1\" \/>\n<link rel=\"canonical\" href=\"https:\/\/schalck.selfhost.eu\/index.php\/krankenhaeuser\/\" \/>\n<meta property=\"og:locale\" content=\"de_DE\" \/>\n<meta property=\"og:type\" content=\"article\" \/>\n<meta property=\"og:title\" content=\"Krankenh\u00e4user Pankreaszentrum\" \/>\n<meta property=\"og:description\" content=\"Krankenh\u00e4user Pankreaszentrum die sich auf die Behandlung von Bauchspeicheldr\u00fcsenerkrankungen spezialisiert haben\" \/>\n<meta property=\"og:url\" content=\"https:\/\/schalck.selfhost.eu\/index.php\/krankenhaeuser\/\" \/>\n<meta property=\"og:site_name\" content=\"Leben mit Bauchspeicheldr\u00fcsenkrebs\" \/>\n<meta property=\"article:publisher\" content=\"https:\/\/www.facebook.com\/mario.pestel.1\/\" \/>\n<meta property=\"article:modified_time\" content=\"2022-06-05T07:45:19+00:00\" \/>\n<meta property=\"og:image\" content=\"http:\/\/schalck.selfhost.eu\/wp-content\/uploads\/2022\/06\/helios_stralsund-300x144.jpg\" \/>\n<meta name=\"twitter:card\" content=\"summary_large_image\" \/>\n<meta name=\"twitter:label1\" content=\"Gesch\u00e4tzte Lesezeit\" \/>\n\t<meta name=\"twitter:data1\" content=\"4\u00a0Minuten\" \/>\n<script type=\"application\/ld+json\" class=\"yoast-schema-graph\">{\"@context\":\"https:\/\/schema.org\",\"@graph\":[{\"@type\":\"WebPage\",\"@id\":\"https:\/\/schalck.selfhost.eu\/index.php\/krankenhaeuser\/\",\"url\":\"https:\/\/schalck.selfhost.eu\/index.php\/krankenhaeuser\/\",\"name\":\"Krankenh\u00e4user Pankreaszentrum\",\"isPartOf\":{\"@id\":\"https:\/\/schalck.selfhost.eu\/#website\"},\"primaryImageOfPage\":{\"@id\":\"https:\/\/schalck.selfhost.eu\/index.php\/krankenhaeuser\/#primaryimage\"},\"image\":{\"@id\":\"https:\/\/schalck.selfhost.eu\/index.php\/krankenhaeuser\/#primaryimage\"},\"thumbnailUrl\":\"http:\/\/schalck.selfhost.eu\/wp-content\/uploads\/2022\/06\/helios_stralsund-300x144.jpg\",\"datePublished\":\"2022-06-01T08:33:13+00:00\",\"dateModified\":\"2022-06-05T07:45:19+00:00\",\"description\":\"Krankenh\u00e4user Pankreaszentrum die sich auf die Behandlung von Bauchspeicheldr\u00fcsenerkrankungen spezialisiert haben\",\"breadcrumb\":{\"@id\":\"https:\/\/schalck.selfhost.eu\/index.php\/krankenhaeuser\/#breadcrumb\"},\"inLanguage\":\"de\",\"potentialAction\":[{\"@type\":\"ReadAction\",\"target\":[\"https:\/\/schalck.selfhost.eu\/index.php\/krankenhaeuser\/\"]}]},{\"@type\":\"ImageObject\",\"inLanguage\":\"de\",\"@id\":\"https:\/\/schalck.selfhost.eu\/index.php\/krankenhaeuser\/#primaryimage\",\"url\":\"https:\/\/schalck.selfhost.eu\/wp-content\/uploads\/2022\/06\/helios_stralsund.jpg\",\"contentUrl\":\"https:\/\/schalck.selfhost.eu\/wp-content\/uploads\/2022\/06\/helios_stralsund.jpg\",\"width\":1920,\"height\":921,\"caption\":\"Krankenh\u00e4user Pankreaszentrum\"},{\"@type\":\"BreadcrumbList\",\"@id\":\"https:\/\/schalck.selfhost.eu\/index.php\/krankenhaeuser\/#breadcrumb\",\"itemListElement\":[{\"@type\":\"ListItem\",\"position\":1,\"name\":\"Startseite\",\"item\":\"https:\/\/schalck.selfhost.eu\/\"},{\"@type\":\"ListItem\",\"position\":2,\"name\":\"Krankenh\u00e4user\"}]},{\"@type\":\"WebSite\",\"@id\":\"https:\/\/schalck.selfhost.eu\/#website\",\"url\":\"https:\/\/schalck.selfhost.eu\/\",\"name\":\"Leben mit Bauchspeicheldr\u00fcsenkrebs\",\"description\":\"Um anderen Hoffnungen zu machen\",\"publisher\":{\"@id\":\"https:\/\/schalck.selfhost.eu\/#\/schema\/person\/cd0824a06e96b3c806e10683f6aebf13\"},\"potentialAction\":[{\"@type\":\"SearchAction\",\"target\":{\"@type\":\"EntryPoint\",\"urlTemplate\":\"https:\/\/schalck.selfhost.eu\/?s={search_term_string}\"},\"query-input\":{\"@type\":\"PropertyValueSpecification\",\"valueRequired\":true,\"valueName\":\"search_term_string\"}}],\"inLanguage\":\"de\"},{\"@type\":[\"Person\",\"Organization\"],\"@id\":\"https:\/\/schalck.selfhost.eu\/#\/schema\/person\/cd0824a06e96b3c806e10683f6aebf13\",\"name\":\"schalck\",\"image\":{\"@type\":\"ImageObject\",\"inLanguage\":\"de\",\"@id\":\"https:\/\/schalck.selfhost.eu\/#\/schema\/person\/image\/\",\"url\":\"http:\/\/schalck.selfhost.eu\/wp-content\/uploads\/2022\/06\/cropped-Bauchspeicheldruese_1908934.jpg\",\"contentUrl\":\"http:\/\/schalck.selfhost.eu\/wp-content\/uploads\/2022\/06\/cropped-Bauchspeicheldruese_1908934.jpg\",\"width\":2000,\"height\":1198,\"caption\":\"schalck\"},\"logo\":{\"@id\":\"https:\/\/schalck.selfhost.eu\/#\/schema\/person\/image\/\"},\"sameAs\":[\"https:\/\/leben-mit-bauchspeicheldr\u00fcsenkrebs.de\",\"https:\/\/www.facebook.com\/mario.pestel.1\/\"]}]}<\/script>\n<!-- \/ Yoast SEO plugin. -->","yoast_head_json":{"title":"Krankenh\u00e4user Pankreaszentrum","description":"Krankenh\u00e4user Pankreaszentrum die sich auf die Behandlung von Bauchspeicheldr\u00fcsenerkrankungen spezialisiert haben","robots":{"index":"index","follow":"follow","max-snippet":"max-snippet:-1","max-image-preview":"max-image-preview:large","max-video-preview":"max-video-preview:-1"},"canonical":"https:\/\/schalck.selfhost.eu\/index.php\/krankenhaeuser\/","og_locale":"de_DE","og_type":"article","og_title":"Krankenh\u00e4user Pankreaszentrum","og_description":"Krankenh\u00e4user Pankreaszentrum die sich auf die Behandlung von Bauchspeicheldr\u00fcsenerkrankungen spezialisiert haben","og_url":"https:\/\/schalck.selfhost.eu\/index.php\/krankenhaeuser\/","og_site_name":"Leben mit Bauchspeicheldr\u00fcsenkrebs","article_publisher":"https:\/\/www.facebook.com\/mario.pestel.1\/","article_modified_time":"2022-06-05T07:45:19+00:00","og_image":[{"url":"http:\/\/schalck.selfhost.eu\/wp-content\/uploads\/2022\/06\/helios_stralsund-300x144.jpg","type":"","width":"","height":""}],"twitter_card":"summary_large_image","twitter_misc":{"Gesch\u00e4tzte Lesezeit":"4\u00a0Minuten"},"schema":{"@context":"https:\/\/schema.org","@graph":[{"@type":"WebPage","@id":"https:\/\/schalck.selfhost.eu\/index.php\/krankenhaeuser\/","url":"https:\/\/schalck.selfhost.eu\/index.php\/krankenhaeuser\/","name":"Krankenh\u00e4user Pankreaszentrum","isPartOf":{"@id":"https:\/\/schalck.selfhost.eu\/#website"},"primaryImageOfPage":{"@id":"https:\/\/schalck.selfhost.eu\/index.php\/krankenhaeuser\/#primaryimage"},"image":{"@id":"https:\/\/schalck.selfhost.eu\/index.php\/krankenhaeuser\/#primaryimage"},"thumbnailUrl":"http:\/\/schalck.selfhost.eu\/wp-content\/uploads\/2022\/06\/helios_stralsund-300x144.jpg","datePublished":"2022-06-01T08:33:13+00:00","dateModified":"2022-06-05T07:45:19+00:00","description":"Krankenh\u00e4user Pankreaszentrum die sich auf die Behandlung von Bauchspeicheldr\u00fcsenerkrankungen spezialisiert haben","breadcrumb":{"@id":"https:\/\/schalck.selfhost.eu\/index.php\/krankenhaeuser\/#breadcrumb"},"inLanguage":"de","potentialAction":[{"@type":"ReadAction","target":["https:\/\/schalck.selfhost.eu\/index.php\/krankenhaeuser\/"]}]},{"@type":"ImageObject","inLanguage":"de","@id":"https:\/\/schalck.selfhost.eu\/index.php\/krankenhaeuser\/#primaryimage","url":"https:\/\/schalck.selfhost.eu\/wp-content\/uploads\/2022\/06\/helios_stralsund.jpg","contentUrl":"https:\/\/schalck.selfhost.eu\/wp-content\/uploads\/2022\/06\/helios_stralsund.jpg","width":1920,"height":921,"caption":"Krankenh\u00e4user Pankreaszentrum"},{"@type":"BreadcrumbList","@id":"https:\/\/schalck.selfhost.eu\/index.php\/krankenhaeuser\/#breadcrumb","itemListElement":[{"@type":"ListItem","position":1,"name":"Startseite","item":"https:\/\/schalck.selfhost.eu\/"},{"@type":"ListItem","position":2,"name":"Krankenh\u00e4user"}]},{"@type":"WebSite","@id":"https:\/\/schalck.selfhost.eu\/#website","url":"https:\/\/schalck.selfhost.eu\/","name":"Leben mit Bauchspeicheldr\u00fcsenkrebs","description":"Um anderen Hoffnungen zu machen","publisher":{"@id":"https:\/\/schalck.selfhost.eu\/#\/schema\/person\/cd0824a06e96b3c806e10683f6aebf13"},"potentialAction":[{"@type":"SearchAction","target":{"@type":"EntryPoint","urlTemplate":"https:\/\/schalck.selfhost.eu\/?s={search_term_string}"},"query-input":{"@type":"PropertyValueSpecification","valueRequired":true,"valueName":"search_term_string"}}],"inLanguage":"de"},{"@type":["Person","Organization"],"@id":"https:\/\/schalck.selfhost.eu\/#\/schema\/person\/cd0824a06e96b3c806e10683f6aebf13","name":"schalck","image":{"@type":"ImageObject","inLanguage":"de","@id":"https:\/\/schalck.selfhost.eu\/#\/schema\/person\/image\/","url":"http:\/\/schalck.selfhost.eu\/wp-content\/uploads\/2022\/06\/cropped-Bauchspeicheldruese_1908934.jpg","contentUrl":"http:\/\/schalck.selfhost.eu\/wp-content\/uploads\/2022\/06\/cropped-Bauchspeicheldruese_1908934.jpg","width":2000,"height":1198,"caption":"schalck"},"logo":{"@id":"https:\/\/schalck.selfhost.eu\/#\/schema\/person\/image\/"},"sameAs":["https:\/\/leben-mit-bauchspeicheldr\u00fcsenkrebs.de","https:\/\/www.facebook.com\/mario.pestel.1\/"]}]}},"_links":{"self":[{"href":"https:\/\/schalck.selfhost.eu\/index.php\/wp-json\/wp\/v2\/pages\/5","targetHints":{"allow":["GET"]}}],"collection":[{"href":"https:\/\/schalck.selfhost.eu\/index.php\/wp-json\/wp\/v2\/pages"}],"about":[{"href":"https:\/\/schalck.selfhost.eu\/index.php\/wp-json\/wp\/v2\/types\/page"}],"author":[{"embeddable":true,"href":"https:\/\/schalck.selfhost.eu\/index.php\/wp-json\/wp\/v2\/users\/1"}],"replies":[{"embeddable":true,"href":"https:\/\/schalck.selfhost.eu\/index.php\/wp-json\/wp\/v2\/comments?post=5"}],"version-history":[{"count":25,"href":"https:\/\/schalck.selfhost.eu\/index.php\/wp-json\/wp\/v2\/pages\/5\/revisions"}],"predecessor-version":[{"id":355,"href":"https:\/\/schalck.selfhost.eu\/index.php\/wp-json\/wp\/v2\/pages\/5\/revisions\/355"}],"wp:attachment":[{"href":"https:\/\/schalck.selfhost.eu\/index.php\/wp-json\/wp\/v2\/media?parent=5"}],"curies":[{"name":"wp","href":"https:\/\/api.w.org\/{rel}","templated":true}]}}