{"id":17,"date":"2022-06-01T16:02:16","date_gmt":"2022-06-01T14:02:16","guid":{"rendered":"http:\/\/schalck.selfhost.eu\/index.php\/home\/"},"modified":"2022-06-13T08:04:46","modified_gmt":"2022-06-13T06:04:46","slug":"bauchspeicheldruesenkrebs-diagnose-chemotherapie-operation","status":"publish","type":"page","link":"https:\/\/schalck.selfhost.eu\/","title":{"rendered":"Bauchspeicheldr\u00fcsenkrebs- Meine Geschichte"},"content":{"rendered":"\r\n<p><a href=\"https:\/\/de.wikipedia.org\/wiki\/Bauchspeicheldr%C3%BCsenkrebs\" target=\"_blank\" rel=\"noreferrer noopener\" aria-label=\"Bauchspeicheldr\u00fcsenkrebs (\u00f6ffnet in neuem Tab)\">Bauchspeicheldr\u00fcsenkrebs<\/a>, Diagnose,Chemotherapie, Operation, Verlauf und Lebenserwartung- h\u00e4ufig sind diese Suchanfragen<\/p>\r\n\r\n\r\n\r\n<p>Ich selbst bin Betroffener und m\u00f6chte hier meinen Werdegang beschreiben. Ich bin 57 Jahre alt, m\u00e4nnlich. Im September 2017 habe ich die Diagnose \u201eMetastasierender Pankreastumor\u201c erhalten. Ein Einschnitt ins Leben, den man sich vorher nicht vorstellen konnte. Und trotzdem musste es weitergehen.<\/p>\r\n\r\n\r\n\r\n<p>Ich will Euch erz\u00e4hlen, wie es mir erging und ich m\u00f6chte anderen Betroffenen Hoffnung machen, dass die Diagnose nicht unbedingt bedeuten muss, dass man in k\u00fcrzester Zeit diese Welt verlassen muss.<\/p>\r\n\r\n\r\n\r\n<p>Oftmals ist es doch so, dass man eigentlich gar nicht wei\u00df, wie man mit so einer Diagnose umgehen soll, was man als n\u00e4chstes machen soll, wo und an wen man sich wenden soll. Da m\u00f6chte ich hier beschreiben- so wie ich es getan habe. Ich m\u00f6chte zeigen, an welche Kliniken und welche \u00c4rzte ich mich gewandt habe. Weiter m\u00f6chte ich m\u00f6chte beschreiben, wie die Chemotherapie verlief und wie ich sie verkraftet habe. Und ich m\u00f6chte auch ein paar hilfreiche Links zeigen, die dem einen oder anderen helfen k\u00f6nnten, dieses Problem zu bew\u00e4ltigen. Nat\u00fcrlich m\u00f6chte ich auch die M\u00f6glichkeit einr\u00e4umen, mich zu kontaktieren. Ich werde mich bem\u00fchen, Fragen so schnell wie m\u00f6glich zu beantworten.<\/p>\r\n\r\n\r\n\r\n<p>Sicher ist es richtig, was die medizinischen <a href=\"http:\/\/schalck.selfhost.eu\/index.php\/statistiken\/\">Statistiken<\/a> sagen:<\/p>\r\n\r\n\r\n\r\n<p>Ca. 14.000 Menschen erkranken jedes Jahr neu in Deutschland an dieser heimt\u00fcckischen Krankheit. Die 5-Jahres-\u00dcberlebensrate ist wohl die \u00fcbelste, die es unter den Tumorerkrankungen gibt. Aber wie in jeder <a href=\"http:\/\/schalck.selfhost.eu\/index.php\/statistiken\/\">Statistik<\/a> gibt es positive und negative Spitzen. Und es ist meine Meinung, dass sich jeder Betroffene an den POSITIVEN Spitzen orientieren sollte. Denn\u2026\u2026ich glaube, die innere Einstellung, die positive Einstellung ist auch eine Waffe gegen die Krankheit. Ich m\u00f6chte hier berichten, wie <a href=\"https:\/\/de.wikipedia.org\/wiki\/Bauchspeicheldr%C3%BCsenkrebs\" target=\"_blank\" rel=\"noreferrer noopener\" aria-label=\"Bauchspeicheldr\u00fcsenkrebs (\u00f6ffnet in neuem Tab)\">Bauchspeicheldr\u00fcsenkrebs<\/a> und Lebenserwartung zusammenh\u00e4ngen<\/p>\r\n<p><a href=\"http:\/\/schalck.selfhost.eu\/wp-content\/uploads\/2022\/06\/CT-BSD-300x176-1.jpg\"><img loading=\"lazy\" decoding=\"async\" class=\"alignnone size-full wp-image-221\" src=\"http:\/\/schalck.selfhost.eu\/wp-content\/uploads\/2022\/06\/CT-BSD-300x176-1.jpg\" alt=\"\" width=\"300\" height=\"176\" \/><\/a><\/p>\r\n\r\n\r\n","protected":false},"excerpt":{"rendered":"<p>Bauchspeicheldr\u00fcsenkrebs, Diagnose,Chemotherapie, Operation, Verlauf und Lebenserwartung- h\u00e4ufig sind diese Suchanfragen Ich selbst bin Betroffener und m\u00f6chte hier meinen Werdegang beschreiben. Ich bin 57 Jahre alt, m\u00e4nnlich. Im September 2017 habe ich die Diagnose \u201eMetastasierender Pankreastumor\u201c erhalten. Ein Einschnitt ins Leben, den man sich vorher nicht vorstellen konnte. Und trotzdem musste es weitergehen. Ich will Euch &hellip; <\/p>\n<p class=\"link-more\"><a href=\"https:\/\/schalck.selfhost.eu\/\" class=\"more-link\"><span class=\"screen-reader-text\">\u201eBauchspeicheldr\u00fcsenkrebs- Meine Geschichte\u201c<\/span> weiterlesen<\/a><\/p>\n","protected":false},"author":1,"featured_media":0,"parent":0,"menu_order":0,"comment_status":"closed","ping_status":"closed","template":"","meta":{"footnotes":""},"class_list":["post-17","page","type-page","status-publish","hentry"],"yoast_head":"<!-- This site is optimized with the Yoast SEO plugin v26.8 - https:\/\/yoast.com\/product\/yoast-seo-wordpress\/ -->\n<title>Bauchspeicheldr\u00fcsenkrebs Diagnose Chemotherapie Operation<\/title>\n<meta name=\"description\" content=\"Eine Beschreibung von Diagnose,Chemotherapie,Operation, Verlauf und Nachsorge bei Bauchspeicheldr\u00fcsenkrebs.\" \/>\n<meta name=\"robots\" content=\"index, follow, max-snippet:-1, max-image-preview:large, max-video-preview:-1\" \/>\n<link rel=\"canonical\" href=\"https:\/\/schalck.selfhost.eu\/\" \/>\n<meta property=\"og:locale\" content=\"de_DE\" \/>\n<meta property=\"og:type\" content=\"article\" \/>\n<meta property=\"og:title\" content=\"Bauchspeicheldr\u00fcsenkrebs Diagnose Chemotherapie Operation\" \/>\n<meta property=\"og:description\" content=\"Eine Beschreibung von Diagnose,Chemotherapie,Operation, Verlauf und Nachsorge bei Bauchspeicheldr\u00fcsenkrebs.\" \/>\n<meta property=\"og:url\" content=\"https:\/\/schalck.selfhost.eu\/\" \/>\n<meta property=\"og:site_name\" content=\"Leben mit Bauchspeicheldr\u00fcsenkrebs\" \/>\n<meta property=\"article:publisher\" content=\"https:\/\/www.facebook.com\/mario.pestel.1\/\" \/>\n<meta property=\"article:modified_time\" content=\"2022-06-13T06:04:46+00:00\" \/>\n<meta property=\"og:image\" content=\"http:\/\/schalck.selfhost.eu\/wp-content\/uploads\/2022\/06\/CT-BSD-300x176-1.jpg\" \/>\n<meta name=\"twitter:card\" content=\"summary_large_image\" \/>\n<meta name=\"twitter:label1\" content=\"Gesch\u00e4tzte Lesezeit\" \/>\n\t<meta name=\"twitter:data1\" content=\"2\u00a0Minuten\" \/>\n<script type=\"application\/ld+json\" class=\"yoast-schema-graph\">{\"@context\":\"https:\/\/schema.org\",\"@graph\":[{\"@type\":\"WebPage\",\"@id\":\"https:\/\/schalck.selfhost.eu\/\",\"url\":\"https:\/\/schalck.selfhost.eu\/\",\"name\":\"Bauchspeicheldr\u00fcsenkrebs Diagnose Chemotherapie Operation\",\"isPartOf\":{\"@id\":\"https:\/\/schalck.selfhost.eu\/#website\"},\"primaryImageOfPage\":{\"@id\":\"https:\/\/schalck.selfhost.eu\/#primaryimage\"},\"image\":{\"@id\":\"https:\/\/schalck.selfhost.eu\/#primaryimage\"},\"thumbnailUrl\":\"http:\/\/schalck.selfhost.eu\/wp-content\/uploads\/2022\/06\/CT-BSD-300x176-1.jpg\",\"datePublished\":\"2022-06-01T14:02:16+00:00\",\"dateModified\":\"2022-06-13T06:04:46+00:00\",\"description\":\"Eine Beschreibung von Diagnose,Chemotherapie,Operation, Verlauf und Nachsorge bei Bauchspeicheldr\u00fcsenkrebs.\",\"breadcrumb\":{\"@id\":\"https:\/\/schalck.selfhost.eu\/#breadcrumb\"},\"inLanguage\":\"de\",\"potentialAction\":[{\"@type\":\"ReadAction\",\"target\":[\"https:\/\/schalck.selfhost.eu\/\"]}]},{\"@type\":\"ImageObject\",\"inLanguage\":\"de\",\"@id\":\"https:\/\/schalck.selfhost.eu\/#primaryimage\",\"url\":\"https:\/\/schalck.selfhost.eu\/wp-content\/uploads\/2022\/06\/CT-BSD-300x176-1.jpg\",\"contentUrl\":\"https:\/\/schalck.selfhost.eu\/wp-content\/uploads\/2022\/06\/CT-BSD-300x176-1.jpg\",\"width\":300,\"height\":176,\"caption\":\"CT-Bauchspeicheldr\u00fcse\"},{\"@type\":\"BreadcrumbList\",\"@id\":\"https:\/\/schalck.selfhost.eu\/#breadcrumb\",\"itemListElement\":[{\"@type\":\"ListItem\",\"position\":1,\"name\":\"Startseite\",\"item\":\"https:\/\/schalck.selfhost.eu\/\"},{\"@type\":\"ListItem\",\"position\":2,\"name\":\"Bauchspeicheldr\u00fcsenkrebs- Meine Geschichte\"}]},{\"@type\":\"WebSite\",\"@id\":\"https:\/\/schalck.selfhost.eu\/#website\",\"url\":\"https:\/\/schalck.selfhost.eu\/\",\"name\":\"Leben mit Bauchspeicheldr\u00fcsenkrebs\",\"description\":\"Um anderen Hoffnungen zu machen\",\"publisher\":{\"@id\":\"https:\/\/schalck.selfhost.eu\/#\/schema\/person\/cd0824a06e96b3c806e10683f6aebf13\"},\"potentialAction\":[{\"@type\":\"SearchAction\",\"target\":{\"@type\":\"EntryPoint\",\"urlTemplate\":\"https:\/\/schalck.selfhost.eu\/?s={search_term_string}\"},\"query-input\":{\"@type\":\"PropertyValueSpecification\",\"valueRequired\":true,\"valueName\":\"search_term_string\"}}],\"inLanguage\":\"de\"},{\"@type\":[\"Person\",\"Organization\"],\"@id\":\"https:\/\/schalck.selfhost.eu\/#\/schema\/person\/cd0824a06e96b3c806e10683f6aebf13\",\"name\":\"schalck\",\"image\":{\"@type\":\"ImageObject\",\"inLanguage\":\"de\",\"@id\":\"https:\/\/schalck.selfhost.eu\/#\/schema\/person\/image\/\",\"url\":\"http:\/\/schalck.selfhost.eu\/wp-content\/uploads\/2022\/06\/cropped-Bauchspeicheldruese_1908934.jpg\",\"contentUrl\":\"http:\/\/schalck.selfhost.eu\/wp-content\/uploads\/2022\/06\/cropped-Bauchspeicheldruese_1908934.jpg\",\"width\":2000,\"height\":1198,\"caption\":\"schalck\"},\"logo\":{\"@id\":\"https:\/\/schalck.selfhost.eu\/#\/schema\/person\/image\/\"},\"sameAs\":[\"https:\/\/leben-mit-bauchspeicheldr\u00fcsenkrebs.de\",\"https:\/\/www.facebook.com\/mario.pestel.1\/\"]}]}<\/script>\n<!-- \/ Yoast SEO plugin. -->","yoast_head_json":{"title":"Bauchspeicheldr\u00fcsenkrebs Diagnose Chemotherapie Operation","description":"Eine Beschreibung von Diagnose,Chemotherapie,Operation, Verlauf und Nachsorge bei Bauchspeicheldr\u00fcsenkrebs.","robots":{"index":"index","follow":"follow","max-snippet":"max-snippet:-1","max-image-preview":"max-image-preview:large","max-video-preview":"max-video-preview:-1"},"canonical":"https:\/\/schalck.selfhost.eu\/","og_locale":"de_DE","og_type":"article","og_title":"Bauchspeicheldr\u00fcsenkrebs Diagnose Chemotherapie Operation","og_description":"Eine Beschreibung von Diagnose,Chemotherapie,Operation, Verlauf und Nachsorge bei Bauchspeicheldr\u00fcsenkrebs.","og_url":"https:\/\/schalck.selfhost.eu\/","og_site_name":"Leben mit Bauchspeicheldr\u00fcsenkrebs","article_publisher":"https:\/\/www.facebook.com\/mario.pestel.1\/","article_modified_time":"2022-06-13T06:04:46+00:00","og_image":[{"url":"http:\/\/schalck.selfhost.eu\/wp-content\/uploads\/2022\/06\/CT-BSD-300x176-1.jpg","type":"","width":"","height":""}],"twitter_card":"summary_large_image","twitter_misc":{"Gesch\u00e4tzte Lesezeit":"2\u00a0Minuten"},"schema":{"@context":"https:\/\/schema.org","@graph":[{"@type":"WebPage","@id":"https:\/\/schalck.selfhost.eu\/","url":"https:\/\/schalck.selfhost.eu\/","name":"Bauchspeicheldr\u00fcsenkrebs Diagnose Chemotherapie Operation","isPartOf":{"@id":"https:\/\/schalck.selfhost.eu\/#website"},"primaryImageOfPage":{"@id":"https:\/\/schalck.selfhost.eu\/#primaryimage"},"image":{"@id":"https:\/\/schalck.selfhost.eu\/#primaryimage"},"thumbnailUrl":"http:\/\/schalck.selfhost.eu\/wp-content\/uploads\/2022\/06\/CT-BSD-300x176-1.jpg","datePublished":"2022-06-01T14:02:16+00:00","dateModified":"2022-06-13T06:04:46+00:00","description":"Eine Beschreibung von Diagnose,Chemotherapie,Operation, Verlauf und Nachsorge bei Bauchspeicheldr\u00fcsenkrebs.","breadcrumb":{"@id":"https:\/\/schalck.selfhost.eu\/#breadcrumb"},"inLanguage":"de","potentialAction":[{"@type":"ReadAction","target":["https:\/\/schalck.selfhost.eu\/"]}]},{"@type":"ImageObject","inLanguage":"de","@id":"https:\/\/schalck.selfhost.eu\/#primaryimage","url":"https:\/\/schalck.selfhost.eu\/wp-content\/uploads\/2022\/06\/CT-BSD-300x176-1.jpg","contentUrl":"https:\/\/schalck.selfhost.eu\/wp-content\/uploads\/2022\/06\/CT-BSD-300x176-1.jpg","width":300,"height":176,"caption":"CT-Bauchspeicheldr\u00fcse"},{"@type":"BreadcrumbList","@id":"https:\/\/schalck.selfhost.eu\/#breadcrumb","itemListElement":[{"@type":"ListItem","position":1,"name":"Startseite","item":"https:\/\/schalck.selfhost.eu\/"},{"@type":"ListItem","position":2,"name":"Bauchspeicheldr\u00fcsenkrebs- Meine Geschichte"}]},{"@type":"WebSite","@id":"https:\/\/schalck.selfhost.eu\/#website","url":"https:\/\/schalck.selfhost.eu\/","name":"Leben mit Bauchspeicheldr\u00fcsenkrebs","description":"Um anderen Hoffnungen zu machen","publisher":{"@id":"https:\/\/schalck.selfhost.eu\/#\/schema\/person\/cd0824a06e96b3c806e10683f6aebf13"},"potentialAction":[{"@type":"SearchAction","target":{"@type":"EntryPoint","urlTemplate":"https:\/\/schalck.selfhost.eu\/?s={search_term_string}"},"query-input":{"@type":"PropertyValueSpecification","valueRequired":true,"valueName":"search_term_string"}}],"inLanguage":"de"},{"@type":["Person","Organization"],"@id":"https:\/\/schalck.selfhost.eu\/#\/schema\/person\/cd0824a06e96b3c806e10683f6aebf13","name":"schalck","image":{"@type":"ImageObject","inLanguage":"de","@id":"https:\/\/schalck.selfhost.eu\/#\/schema\/person\/image\/","url":"http:\/\/schalck.selfhost.eu\/wp-content\/uploads\/2022\/06\/cropped-Bauchspeicheldruese_1908934.jpg","contentUrl":"http:\/\/schalck.selfhost.eu\/wp-content\/uploads\/2022\/06\/cropped-Bauchspeicheldruese_1908934.jpg","width":2000,"height":1198,"caption":"schalck"},"logo":{"@id":"https:\/\/schalck.selfhost.eu\/#\/schema\/person\/image\/"},"sameAs":["https:\/\/leben-mit-bauchspeicheldr\u00fcsenkrebs.de","https:\/\/www.facebook.com\/mario.pestel.1\/"]}]}},"_links":{"self":[{"href":"https:\/\/schalck.selfhost.eu\/index.php\/wp-json\/wp\/v2\/pages\/17","targetHints":{"allow":["GET"]}}],"collection":[{"href":"https:\/\/schalck.selfhost.eu\/index.php\/wp-json\/wp\/v2\/pages"}],"about":[{"href":"https:\/\/schalck.selfhost.eu\/index.php\/wp-json\/wp\/v2\/types\/page"}],"author":[{"embeddable":true,"href":"https:\/\/schalck.selfhost.eu\/index.php\/wp-json\/wp\/v2\/users\/1"}],"replies":[{"embeddable":true,"href":"https:\/\/schalck.selfhost.eu\/index.php\/wp-json\/wp\/v2\/comments?post=17"}],"version-history":[{"count":11,"href":"https:\/\/schalck.selfhost.eu\/index.php\/wp-json\/wp\/v2\/pages\/17\/revisions"}],"predecessor-version":[{"id":400,"href":"https:\/\/schalck.selfhost.eu\/index.php\/wp-json\/wp\/v2\/pages\/17\/revisions\/400"}],"wp:attachment":[{"href":"https:\/\/schalck.selfhost.eu\/index.php\/wp-json\/wp\/v2\/media?parent=17"}],"curies":[{"name":"wp","href":"https:\/\/api.w.org\/{rel}","templated":true}]}}