{"id":119,"date":"2022-06-02T00:18:12","date_gmt":"2022-06-01T22:18:12","guid":{"rendered":"http:\/\/schalck.selfhost.eu\/?page_id=119"},"modified":"2022-06-10T10:02:55","modified_gmt":"2022-06-10T08:02:55","slug":"wie-stirbt-man-todesursache","status":"publish","type":"page","link":"https:\/\/schalck.selfhost.eu\/index.php\/wie-stirbt-man-todesursache\/","title":{"rendered":"Wie stirbt man"},"content":{"rendered":"\r\n<p>Diagnose\/Todesursache Bauchspeicheldr\u00fcsenkrebs &#8211; Wie stirbt man ? Eine Frage, die sich jeder sofort stellt wenn er diese Diagnose erh\u00e4lt. Eigentlich widerstrebt es mir, hier zu versuchen eine Antwort auf diese Frage zu geben, weil ich ja mit dieser Seite HOFFNUNG wecken und Mut machen m\u00f6chte. Aber- ich m\u00f6chte ganz ehrlich sein- die 5-Jahres-\u00dcberlebensrate ist nun mal tats\u00e4chlich nicht sonderlich toll und daher habe ich mich entschlossen auch zu diesem Thema Stellung zu nehmen.<\/p>\r\n\r\n\r\n\r\n<p>Beginnend w\u00e4chst der Tumor nur in der Bauchspeicheldr\u00fcse. Sp\u00e4ter werden die Krebszellen \u00fcber das Blut und das Lymphsystem in andere Organe weitergeleitet und bilden dort Tochtergeschw\u00fcre. H\u00e4ufig in der Leber, Zw\u00f6lffingerdarm, Magen, Lunge, Knochen oder am Bauchfell. Und hier treibt der Tumor sein eigentliches Unwesen wenn er die Funktionen dieser Organe beeintr\u00e4chtigt oder gar zum Erliegen bringt. Das bedeutet, es kommt letztendlich zu einem Organ- oder Multiorganversagen als Todesursache und somit zum Tod.<\/p>\r\n\r\n\r\n\r\n<p>Zu diesem Thema\u00a0 (Todesursache) empfehle ich diesen Beitrag einmal zu lesen. <a href=\"https:\/\/www.dr-gumpert.de\/html\/bauchspeicheldruesenkrebs_endstadium.html\" target=\"_blank\" rel=\"noreferrer noopener\" aria-label=\" (\u00f6ffnet in neuem Tab)\">https:\/\/www.dr-gumpert.de\/html\/bauchspeicheldruesenkrebs_endstadium.html<\/a><\/p>\r\n\r\n\r\n\r\n<p>Quelle: <a href=\"http:\/\/www.krebsgesellschaft.de\" target=\"_blank\" rel=\"noreferrer noopener\" aria-label=\"www.krebsgesellschaft.de (\u00f6ffnet in neuem Tab)\">www.krebsgesellschaft.de<\/a><\/p>\r\n<h6>.<\/h6>\r\n\r\n\r\n\r\n<p>Ein Karzinom der Bauchspeicheldr\u00fcse, das zum Zeitpunkt der Diagnose nicht mehr entfernt werden kann, wird mit der Zeit Komplikationen verursachen, da der Gallengang, der Magenausgang oder der Zw\u00f6lffingerdarm durch die Geschwulst eingeengt werden k\u00f6nnen. \u00dcbelkeit und Erbrechen oder eine Gelbsucht k\u00f6nnen die Folge sein. W\u00e4hrend fr\u00fcher in jedem Fall eine gr\u00f6\u00dfere Operation erforderlich war, um die Symptome zu mildern, ist es heute vielfach m\u00f6glich, den Patienten durch kleine operative oder endoskopische Eingriffe zu helfen.<\/p>\r\n\r\n\r\n\r\n<p>So kann der Arzt \u00fcber ein Endoskop ein R\u00f6hrchen aus Kunststoff in den Gallengang einbringen (sog. Stent oder Endoprothese), um einer Verengung entgegenzuwirken. Auch kann der Mageneingang geweitet werden. Dies sind Eingriffe, die den Patienten wenig belasten und auch l\u00e4ngerfristig sehr gut helfen. Die Entlastung eines gestauten Gallengangs ist auch von au\u00dfen durch die Einf\u00fchrung eines Drainageschlauches durch die Haut in den Gallengang m\u00f6glich.<\/p>\r\n\r\n\r\n<p><a href=\"http:\/\/schalck.selfhost.eu\/wp-content\/uploads\/2022\/06\/Gallengangdrainage.jpg\"><img loading=\"lazy\" decoding=\"async\" class=\"alignnone size-medium wp-image-219\" src=\"http:\/\/schalck.selfhost.eu\/wp-content\/uploads\/2022\/06\/Gallengangdrainage-300x234.jpg\" alt=\"\" width=\"300\" height=\"234\" srcset=\"https:\/\/schalck.selfhost.eu\/wp-content\/uploads\/2022\/06\/Gallengangdrainage-300x234.jpg 300w, https:\/\/schalck.selfhost.eu\/wp-content\/uploads\/2022\/06\/Gallengangdrainage-768x600.jpg 768w, https:\/\/schalck.selfhost.eu\/wp-content\/uploads\/2022\/06\/Gallengangdrainage.jpg 1024w\" sizes=\"auto, (max-width: 300px) 100vw, 300px\" \/><\/a><\/p>\n\r\n\r\n\r\n<p style=\"font-size: 12px;\">Schlagworte: Bauchspeicheldr\u00fcsenkrebs wie stirbt man, stent drainage Aszites gallengang, Todesursache<\/p>\r\n\r\n\r\n\r\n<p><a href=\"http:\/\/schalck.selfhost.eu\">Startseite<\/a><\/p>\r\n","protected":false},"excerpt":{"rendered":"<p>Diagnose\/Todesursache Bauchspeicheldr\u00fcsenkrebs &#8211; Wie stirbt man ? Eine Frage, die sich jeder sofort stellt wenn er diese Diagnose erh\u00e4lt. Eigentlich widerstrebt es mir, hier zu versuchen eine Antwort auf diese Frage zu geben, weil ich ja mit dieser Seite HOFFNUNG wecken und Mut machen m\u00f6chte. Aber- ich m\u00f6chte ganz ehrlich sein- die 5-Jahres-\u00dcberlebensrate ist nun &hellip; <\/p>\n<p class=\"link-more\"><a href=\"https:\/\/schalck.selfhost.eu\/index.php\/wie-stirbt-man-todesursache\/\" class=\"more-link\"><span class=\"screen-reader-text\">\u201eWie stirbt man\u201c<\/span> weiterlesen<\/a><\/p>\n","protected":false},"author":1,"featured_media":0,"parent":0,"menu_order":0,"comment_status":"closed","ping_status":"closed","template":"","meta":{"footnotes":""},"class_list":["post-119","page","type-page","status-publish","hentry"],"yoast_head":"<!-- This site is optimized with the Yoast SEO plugin v26.8 - https:\/\/yoast.com\/product\/yoast-seo-wordpress\/ -->\n<title>Todesursache Bauchspeicheldr\u00fcsenkrebs<\/title>\n<meta name=\"description\" content=\"Was ist die Todesursache bei fortgeschrittenem Bauchspeicheldr\u00fcsenkrebs ? Wie stirbt man bei Bauchspeicheldr\u00fcsenkrebs\" \/>\n<meta name=\"robots\" content=\"index, follow, max-snippet:-1, max-image-preview:large, max-video-preview:-1\" \/>\n<link rel=\"canonical\" href=\"https:\/\/schalck.selfhost.eu\/index.php\/wie-stirbt-man-todesursache\/\" \/>\n<meta property=\"og:locale\" content=\"de_DE\" \/>\n<meta property=\"og:type\" content=\"article\" \/>\n<meta property=\"og:title\" content=\"Todesursache Bauchspeicheldr\u00fcsenkrebs\" \/>\n<meta property=\"og:description\" content=\"Was ist die Todesursache bei fortgeschrittenem Bauchspeicheldr\u00fcsenkrebs ? Wie stirbt man bei Bauchspeicheldr\u00fcsenkrebs\" \/>\n<meta property=\"og:url\" content=\"https:\/\/schalck.selfhost.eu\/index.php\/wie-stirbt-man-todesursache\/\" \/>\n<meta property=\"og:site_name\" content=\"Leben mit Bauchspeicheldr\u00fcsenkrebs\" \/>\n<meta property=\"article:publisher\" content=\"https:\/\/www.facebook.com\/mario.pestel.1\/\" \/>\n<meta property=\"article:modified_time\" content=\"2022-06-10T08:02:55+00:00\" \/>\n<meta property=\"og:image\" content=\"http:\/\/schalck.selfhost.eu\/wp-content\/uploads\/2022\/06\/Gallengangdrainage-300x234.jpg\" \/>\n<meta name=\"twitter:card\" content=\"summary_large_image\" \/>\n<meta name=\"twitter:label1\" content=\"Gesch\u00e4tzte Lesezeit\" \/>\n\t<meta name=\"twitter:data1\" content=\"2\u00a0Minuten\" \/>\n<script type=\"application\/ld+json\" class=\"yoast-schema-graph\">{\"@context\":\"https:\/\/schema.org\",\"@graph\":[{\"@type\":\"WebPage\",\"@id\":\"https:\/\/schalck.selfhost.eu\/index.php\/wie-stirbt-man-todesursache\/\",\"url\":\"https:\/\/schalck.selfhost.eu\/index.php\/wie-stirbt-man-todesursache\/\",\"name\":\"Todesursache Bauchspeicheldr\u00fcsenkrebs\",\"isPartOf\":{\"@id\":\"https:\/\/schalck.selfhost.eu\/#website\"},\"primaryImageOfPage\":{\"@id\":\"https:\/\/schalck.selfhost.eu\/index.php\/wie-stirbt-man-todesursache\/#primaryimage\"},\"image\":{\"@id\":\"https:\/\/schalck.selfhost.eu\/index.php\/wie-stirbt-man-todesursache\/#primaryimage\"},\"thumbnailUrl\":\"http:\/\/schalck.selfhost.eu\/wp-content\/uploads\/2022\/06\/Gallengangdrainage-300x234.jpg\",\"datePublished\":\"2022-06-01T22:18:12+00:00\",\"dateModified\":\"2022-06-10T08:02:55+00:00\",\"description\":\"Was ist die Todesursache bei fortgeschrittenem Bauchspeicheldr\u00fcsenkrebs ? Wie stirbt man bei Bauchspeicheldr\u00fcsenkrebs\",\"breadcrumb\":{\"@id\":\"https:\/\/schalck.selfhost.eu\/index.php\/wie-stirbt-man-todesursache\/#breadcrumb\"},\"inLanguage\":\"de\",\"potentialAction\":[{\"@type\":\"ReadAction\",\"target\":[\"https:\/\/schalck.selfhost.eu\/index.php\/wie-stirbt-man-todesursache\/\"]}]},{\"@type\":\"ImageObject\",\"inLanguage\":\"de\",\"@id\":\"https:\/\/schalck.selfhost.eu\/index.php\/wie-stirbt-man-todesursache\/#primaryimage\",\"url\":\"https:\/\/schalck.selfhost.eu\/wp-content\/uploads\/2022\/06\/Gallengangdrainage.jpg\",\"contentUrl\":\"https:\/\/schalck.selfhost.eu\/wp-content\/uploads\/2022\/06\/Gallengangdrainage.jpg\",\"width\":1024,\"height\":800,\"caption\":\"Gallengangdrainage Wie stirbt man Bauchspeicheldr\u00fcsenkrebs\"},{\"@type\":\"BreadcrumbList\",\"@id\":\"https:\/\/schalck.selfhost.eu\/index.php\/wie-stirbt-man-todesursache\/#breadcrumb\",\"itemListElement\":[{\"@type\":\"ListItem\",\"position\":1,\"name\":\"Startseite\",\"item\":\"https:\/\/schalck.selfhost.eu\/\"},{\"@type\":\"ListItem\",\"position\":2,\"name\":\"Wie stirbt man\"}]},{\"@type\":\"WebSite\",\"@id\":\"https:\/\/schalck.selfhost.eu\/#website\",\"url\":\"https:\/\/schalck.selfhost.eu\/\",\"name\":\"Leben mit Bauchspeicheldr\u00fcsenkrebs\",\"description\":\"Um anderen Hoffnungen zu machen\",\"publisher\":{\"@id\":\"https:\/\/schalck.selfhost.eu\/#\/schema\/person\/cd0824a06e96b3c806e10683f6aebf13\"},\"potentialAction\":[{\"@type\":\"SearchAction\",\"target\":{\"@type\":\"EntryPoint\",\"urlTemplate\":\"https:\/\/schalck.selfhost.eu\/?s={search_term_string}\"},\"query-input\":{\"@type\":\"PropertyValueSpecification\",\"valueRequired\":true,\"valueName\":\"search_term_string\"}}],\"inLanguage\":\"de\"},{\"@type\":[\"Person\",\"Organization\"],\"@id\":\"https:\/\/schalck.selfhost.eu\/#\/schema\/person\/cd0824a06e96b3c806e10683f6aebf13\",\"name\":\"schalck\",\"image\":{\"@type\":\"ImageObject\",\"inLanguage\":\"de\",\"@id\":\"https:\/\/schalck.selfhost.eu\/#\/schema\/person\/image\/\",\"url\":\"http:\/\/schalck.selfhost.eu\/wp-content\/uploads\/2022\/06\/cropped-Bauchspeicheldruese_1908934.jpg\",\"contentUrl\":\"http:\/\/schalck.selfhost.eu\/wp-content\/uploads\/2022\/06\/cropped-Bauchspeicheldruese_1908934.jpg\",\"width\":2000,\"height\":1198,\"caption\":\"schalck\"},\"logo\":{\"@id\":\"https:\/\/schalck.selfhost.eu\/#\/schema\/person\/image\/\"},\"sameAs\":[\"https:\/\/leben-mit-bauchspeicheldr\u00fcsenkrebs.de\",\"https:\/\/www.facebook.com\/mario.pestel.1\/\"]}]}<\/script>\n<!-- \/ Yoast SEO plugin. -->","yoast_head_json":{"title":"Todesursache Bauchspeicheldr\u00fcsenkrebs","description":"Was ist die Todesursache bei fortgeschrittenem Bauchspeicheldr\u00fcsenkrebs ? Wie stirbt man bei Bauchspeicheldr\u00fcsenkrebs","robots":{"index":"index","follow":"follow","max-snippet":"max-snippet:-1","max-image-preview":"max-image-preview:large","max-video-preview":"max-video-preview:-1"},"canonical":"https:\/\/schalck.selfhost.eu\/index.php\/wie-stirbt-man-todesursache\/","og_locale":"de_DE","og_type":"article","og_title":"Todesursache Bauchspeicheldr\u00fcsenkrebs","og_description":"Was ist die Todesursache bei fortgeschrittenem Bauchspeicheldr\u00fcsenkrebs ? Wie stirbt man bei Bauchspeicheldr\u00fcsenkrebs","og_url":"https:\/\/schalck.selfhost.eu\/index.php\/wie-stirbt-man-todesursache\/","og_site_name":"Leben mit Bauchspeicheldr\u00fcsenkrebs","article_publisher":"https:\/\/www.facebook.com\/mario.pestel.1\/","article_modified_time":"2022-06-10T08:02:55+00:00","og_image":[{"url":"http:\/\/schalck.selfhost.eu\/wp-content\/uploads\/2022\/06\/Gallengangdrainage-300x234.jpg","type":"","width":"","height":""}],"twitter_card":"summary_large_image","twitter_misc":{"Gesch\u00e4tzte Lesezeit":"2\u00a0Minuten"},"schema":{"@context":"https:\/\/schema.org","@graph":[{"@type":"WebPage","@id":"https:\/\/schalck.selfhost.eu\/index.php\/wie-stirbt-man-todesursache\/","url":"https:\/\/schalck.selfhost.eu\/index.php\/wie-stirbt-man-todesursache\/","name":"Todesursache Bauchspeicheldr\u00fcsenkrebs","isPartOf":{"@id":"https:\/\/schalck.selfhost.eu\/#website"},"primaryImageOfPage":{"@id":"https:\/\/schalck.selfhost.eu\/index.php\/wie-stirbt-man-todesursache\/#primaryimage"},"image":{"@id":"https:\/\/schalck.selfhost.eu\/index.php\/wie-stirbt-man-todesursache\/#primaryimage"},"thumbnailUrl":"http:\/\/schalck.selfhost.eu\/wp-content\/uploads\/2022\/06\/Gallengangdrainage-300x234.jpg","datePublished":"2022-06-01T22:18:12+00:00","dateModified":"2022-06-10T08:02:55+00:00","description":"Was ist die Todesursache bei fortgeschrittenem Bauchspeicheldr\u00fcsenkrebs ? Wie stirbt man bei Bauchspeicheldr\u00fcsenkrebs","breadcrumb":{"@id":"https:\/\/schalck.selfhost.eu\/index.php\/wie-stirbt-man-todesursache\/#breadcrumb"},"inLanguage":"de","potentialAction":[{"@type":"ReadAction","target":["https:\/\/schalck.selfhost.eu\/index.php\/wie-stirbt-man-todesursache\/"]}]},{"@type":"ImageObject","inLanguage":"de","@id":"https:\/\/schalck.selfhost.eu\/index.php\/wie-stirbt-man-todesursache\/#primaryimage","url":"https:\/\/schalck.selfhost.eu\/wp-content\/uploads\/2022\/06\/Gallengangdrainage.jpg","contentUrl":"https:\/\/schalck.selfhost.eu\/wp-content\/uploads\/2022\/06\/Gallengangdrainage.jpg","width":1024,"height":800,"caption":"Gallengangdrainage Wie stirbt man Bauchspeicheldr\u00fcsenkrebs"},{"@type":"BreadcrumbList","@id":"https:\/\/schalck.selfhost.eu\/index.php\/wie-stirbt-man-todesursache\/#breadcrumb","itemListElement":[{"@type":"ListItem","position":1,"name":"Startseite","item":"https:\/\/schalck.selfhost.eu\/"},{"@type":"ListItem","position":2,"name":"Wie stirbt man"}]},{"@type":"WebSite","@id":"https:\/\/schalck.selfhost.eu\/#website","url":"https:\/\/schalck.selfhost.eu\/","name":"Leben mit Bauchspeicheldr\u00fcsenkrebs","description":"Um anderen Hoffnungen zu machen","publisher":{"@id":"https:\/\/schalck.selfhost.eu\/#\/schema\/person\/cd0824a06e96b3c806e10683f6aebf13"},"potentialAction":[{"@type":"SearchAction","target":{"@type":"EntryPoint","urlTemplate":"https:\/\/schalck.selfhost.eu\/?s={search_term_string}"},"query-input":{"@type":"PropertyValueSpecification","valueRequired":true,"valueName":"search_term_string"}}],"inLanguage":"de"},{"@type":["Person","Organization"],"@id":"https:\/\/schalck.selfhost.eu\/#\/schema\/person\/cd0824a06e96b3c806e10683f6aebf13","name":"schalck","image":{"@type":"ImageObject","inLanguage":"de","@id":"https:\/\/schalck.selfhost.eu\/#\/schema\/person\/image\/","url":"http:\/\/schalck.selfhost.eu\/wp-content\/uploads\/2022\/06\/cropped-Bauchspeicheldruese_1908934.jpg","contentUrl":"http:\/\/schalck.selfhost.eu\/wp-content\/uploads\/2022\/06\/cropped-Bauchspeicheldruese_1908934.jpg","width":2000,"height":1198,"caption":"schalck"},"logo":{"@id":"https:\/\/schalck.selfhost.eu\/#\/schema\/person\/image\/"},"sameAs":["https:\/\/leben-mit-bauchspeicheldr\u00fcsenkrebs.de","https:\/\/www.facebook.com\/mario.pestel.1\/"]}]}},"_links":{"self":[{"href":"https:\/\/schalck.selfhost.eu\/index.php\/wp-json\/wp\/v2\/pages\/119","targetHints":{"allow":["GET"]}}],"collection":[{"href":"https:\/\/schalck.selfhost.eu\/index.php\/wp-json\/wp\/v2\/pages"}],"about":[{"href":"https:\/\/schalck.selfhost.eu\/index.php\/wp-json\/wp\/v2\/types\/page"}],"author":[{"embeddable":true,"href":"https:\/\/schalck.selfhost.eu\/index.php\/wp-json\/wp\/v2\/users\/1"}],"replies":[{"embeddable":true,"href":"https:\/\/schalck.selfhost.eu\/index.php\/wp-json\/wp\/v2\/comments?post=119"}],"version-history":[{"count":9,"href":"https:\/\/schalck.selfhost.eu\/index.php\/wp-json\/wp\/v2\/pages\/119\/revisions"}],"predecessor-version":[{"id":388,"href":"https:\/\/schalck.selfhost.eu\/index.php\/wp-json\/wp\/v2\/pages\/119\/revisions\/388"}],"wp:attachment":[{"href":"https:\/\/schalck.selfhost.eu\/index.php\/wp-json\/wp\/v2\/media?parent=119"}],"curies":[{"name":"wp","href":"https:\/\/api.w.org\/{rel}","templated":true}]}}